{"id":6587,"date":"2024-03-12T12:19:18","date_gmt":"2024-03-12T12:19:18","guid":{"rendered":"https:\/\/hairbeauty-pro.com\/?post_type=product&#038;p=6587"},"modified":"2026-03-24T11:32:31","modified_gmt":"2026-03-24T11:32:31","slug":"kayproxil-sampon-1000ml","status":"publish","type":"product","link":"https:\/\/hairbeauty-pro.com\/?product=kayproxil-sampon-1000ml","title":{"rendered":"KAYPROXIL  \u0160AMPON 1000ml"},"content":{"rendered":"<p>\u0160ampon protiv opadanja kose.<\/p>\n<p>pH vrijednost: 5.0<\/p>\n<p>\u0160ampon sa uljem \u010dajevca \u010disti i pro\u010dI\u0161\u0107uje tjeme, ima efekat regeneracije i rebalansiranja. Ne sadr\u017eI: silikone, mineralno ulje.<br \/>\nNa\u010din upotrebe: nanijeti na mokru kosu, emulgovati, ispirite i ponovite postupak ukoliko je potrebno.<\/p>\n<p>&nbsp;<\/p>\n","protected":false},"excerpt":{"rendered":"<p>\u0160ampon protiv opadanja kose. pH vrijednost: 5.0 \u0160ampon sa uljem \u010dajevca \u010disti i pro\u010dI\u0161\u0107uje tjeme, ima efekat regeneracije i rebalansiranja. Ne sadr\u017eI: silikone, mineralno ulje. Na\u010din upotrebe: nanijeti na mokru kosu, emulgovati, ispirite i ponovite postupak ukoliko je potrebno. &nbsp;<\/p>\n","protected":false},"featured_media":6588,"comment_status":"open","ping_status":"closed","template":"","meta":{"site-sidebar-layout":"default","site-content-layout":"","ast-site-content-layout":"default","site-content-style":"default","site-sidebar-style":"default","ast-global-header-display":"","ast-banner-title-visibility":"","ast-main-header-display":"","ast-hfb-above-header-display":"","ast-hfb-below-header-display":"","ast-hfb-mobile-header-display":"","site-post-title":"","ast-breadcrumbs-content":"","ast-featured-img":"","footer-sml-layout":"","theme-transparent-header-meta":"default","adv-header-id-meta":"","stick-header-meta":"","header-above-stick-meta":"","header-main-stick-meta":"","header-below-stick-meta":"","astra-migrate-meta-layouts":"set","ast-page-background-enabled":"default","ast-page-background-meta":{"desktop":{"background-color":"","background-image":"","background-repeat":"repeat","background-position":"center center","background-size":"auto","background-attachment":"scroll","background-type":"","background-media":"","overlay-type":"","overlay-color":"","overlay-opacity":"","overlay-gradient":""},"tablet":{"background-color":"","background-image":"","background-repeat":"repeat","background-position":"center center","background-size":"auto","background-attachment":"scroll","background-type":"","background-media":"","overlay-type":"","overlay-color":"","overlay-opacity":"","overlay-gradient":""},"mobile":{"background-color":"","background-image":"","background-repeat":"repeat","background-position":"center center","background-size":"auto","background-attachment":"scroll","background-type":"","background-media":"","overlay-type":"","overlay-color":"","overlay-opacity":"","overlay-gradient":""}},"ast-content-background-meta":{"desktop":{"background-color":"var(--ast-global-color-5)","background-image":"","background-repeat":"repeat","background-position":"center center","background-size":"auto","background-attachment":"scroll","background-type":"","background-media":"","overlay-type":"","overlay-color":"","overlay-opacity":"","overlay-gradient":""},"tablet":{"background-color":"var(--ast-global-color-5)","background-image":"","background-repeat":"repeat","background-position":"center center","background-size":"auto","background-attachment":"scroll","background-type":"","background-media":"","overlay-type":"","overlay-color":"","overlay-opacity":"","overlay-gradient":""},"mobile":{"background-color":"var(--ast-global-color-5)","background-image":"","background-repeat":"repeat","background-position":"center center","background-size":"auto","background-attachment":"scroll","background-type":"","background-media":"","overlay-type":"","overlay-color":"","overlay-opacity":"","overlay-gradient":""}}},"product_cat":[225,269,176,185],"product_tag":[],"yoast_head":"<!-- This site is optimized with the Yoast SEO plugin v21.7 - https:\/\/yoast.com\/wordpress\/plugins\/seo\/ -->\n<title>KAYPROXIL \u0160AMPON 1000ml - Flash<\/title>\n<meta name=\"description\" content=\"\u0160ampon protiv opadanja kose. pH vrijednost: 5.0 \u0160ampon sa uljem \u010dajevca \u010disti i pro\u010dI\u0161\u0107uje tjeme, ima efekat regeneracije i rebalansiranja. Ne sadr\u017eI:\" \/>\n<meta name=\"robots\" content=\"index, follow, max-snippet:-1, max-image-preview:large, max-video-preview:-1\" \/>\n<link rel=\"canonical\" href=\"https:\/\/hairbeauty-pro.com\/?product=kayproxil-sampon-1000ml\" \/>\n<meta property=\"og:locale\" content=\"bs_BA\" \/>\n<meta property=\"og:type\" content=\"article\" \/>\n<meta property=\"og:title\" content=\"KAYPROXIL \u0160AMPON 1000ml - Flash\" \/>\n<meta property=\"og:description\" content=\"\u0160ampon protiv opadanja kose. pH vrijednost: 5.0 \u0160ampon sa uljem \u010dajevca \u010disti i pro\u010dI\u0161\u0107uje tjeme, ima efekat regeneracije i rebalansiranja. Ne sadr\u017eI:\" \/>\n<meta property=\"og:url\" content=\"https:\/\/hairbeauty-pro.com\/?product=kayproxil-sampon-1000ml\" \/>\n<meta property=\"og:site_name\" content=\"Flash\" \/>\n<meta property=\"article:modified_time\" content=\"2026-03-24T11:32:31+00:00\" \/>\n<meta property=\"og:image\" content=\"http:\/\/hairbeauty-pro.com\/wp-content\/uploads\/2024\/03\/22477_kayproxil-shampoo-1000ml.png\" \/>\n\t<meta property=\"og:image:width\" content=\"1080\" \/>\n\t<meta property=\"og:image:height\" content=\"1080\" \/>\n\t<meta property=\"og:image:type\" content=\"image\/png\" \/>\n<meta name=\"twitter:card\" content=\"summary_large_image\" \/>\n<meta name=\"twitter:label1\" content=\"Est. reading time\" \/>\n\t<meta name=\"twitter:data1\" content=\"1 minuta\" \/>\n<script type=\"application\/ld+json\" class=\"yoast-schema-graph\">{\"@context\":\"https:\/\/schema.org\",\"@graph\":[{\"@type\":\"WebPage\",\"@id\":\"https:\/\/hairbeauty-pro.com\/?product=kayproxil-sampon-1000ml\",\"url\":\"https:\/\/hairbeauty-pro.com\/?product=kayproxil-sampon-1000ml\",\"name\":\"KAYPROXIL \u0160AMPON 1000ml - Flash\",\"isPartOf\":{\"@id\":\"https:\/\/hairbeauty-pro.com\/#website\"},\"datePublished\":\"2024-03-12T12:19:18+00:00\",\"dateModified\":\"2026-03-24T11:32:31+00:00\",\"description\":\"\u0160ampon protiv opadanja kose. pH vrijednost: 5.0 \u0160ampon sa uljem \u010dajevca \u010disti i pro\u010dI\u0161\u0107uje tjeme, ima efekat regeneracije i rebalansiranja. Ne sadr\u017eI:\",\"breadcrumb\":{\"@id\":\"https:\/\/hairbeauty-pro.com\/?product=kayproxil-sampon-1000ml#breadcrumb\"},\"inLanguage\":\"bs-BA\",\"potentialAction\":[{\"@type\":\"ReadAction\",\"target\":[\"https:\/\/hairbeauty-pro.com\/?product=kayproxil-sampon-1000ml\"]}]},{\"@type\":\"BreadcrumbList\",\"@id\":\"https:\/\/hairbeauty-pro.com\/?product=kayproxil-sampon-1000ml#breadcrumb\",\"itemListElement\":[{\"@type\":\"ListItem\",\"position\":1,\"name\":\"Home\",\"item\":\"https:\/\/hairbeauty-pro.com\/\"},{\"@type\":\"ListItem\",\"position\":2,\"name\":\"Shop\",\"item\":\"https:\/\/hairbeauty-pro.com\/?page_id=11\"},{\"@type\":\"ListItem\",\"position\":3,\"name\":\"KAYPROXIL \u0160AMPON 1000ml\"}]},{\"@type\":\"WebSite\",\"@id\":\"https:\/\/hairbeauty-pro.com\/#website\",\"url\":\"https:\/\/hairbeauty-pro.com\/\",\"name\":\"Flash\",\"description\":\"Va\u0161a ultimativna destinacja za njegu kose\",\"publisher\":{\"@id\":\"https:\/\/hairbeauty-pro.com\/#organization\"},\"potentialAction\":[{\"@type\":\"SearchAction\",\"target\":{\"@type\":\"EntryPoint\",\"urlTemplate\":\"https:\/\/hairbeauty-pro.com\/?s={search_term_string}\"},\"query-input\":\"required name=search_term_string\"}],\"inLanguage\":\"bs-BA\"},{\"@type\":\"Organization\",\"@id\":\"https:\/\/hairbeauty-pro.com\/#organization\",\"name\":\"Flash\",\"url\":\"https:\/\/hairbeauty-pro.com\/\",\"logo\":{\"@type\":\"ImageObject\",\"inLanguage\":\"bs-BA\",\"@id\":\"https:\/\/hairbeauty-pro.com\/#\/schema\/logo\/image\/\",\"url\":\"https:\/\/hairbeauty-pro.com\/wp-content\/uploads\/2023\/07\/cropped-FLASH-LOGO-png.png\",\"contentUrl\":\"https:\/\/hairbeauty-pro.com\/wp-content\/uploads\/2023\/07\/cropped-FLASH-LOGO-png.png\",\"width\":1316,\"height\":521,\"caption\":\"Flash\"},\"image\":{\"@id\":\"https:\/\/hairbeauty-pro.com\/#\/schema\/logo\/image\/\"}}]}<\/script>\n<!-- \/ Yoast SEO plugin. -->","yoast_head_json":{"title":"KAYPROXIL \u0160AMPON 1000ml - Flash","description":"\u0160ampon protiv opadanja kose. pH vrijednost: 5.0 \u0160ampon sa uljem \u010dajevca \u010disti i pro\u010dI\u0161\u0107uje tjeme, ima efekat regeneracije i rebalansiranja. Ne sadr\u017eI:","robots":{"index":"index","follow":"follow","max-snippet":"max-snippet:-1","max-image-preview":"max-image-preview:large","max-video-preview":"max-video-preview:-1"},"canonical":"https:\/\/hairbeauty-pro.com\/?product=kayproxil-sampon-1000ml","og_locale":"bs_BA","og_type":"article","og_title":"KAYPROXIL \u0160AMPON 1000ml - Flash","og_description":"\u0160ampon protiv opadanja kose. pH vrijednost: 5.0 \u0160ampon sa uljem \u010dajevca \u010disti i pro\u010dI\u0161\u0107uje tjeme, ima efekat regeneracije i rebalansiranja. Ne sadr\u017eI:","og_url":"https:\/\/hairbeauty-pro.com\/?product=kayproxil-sampon-1000ml","og_site_name":"Flash","article_modified_time":"2026-03-24T11:32:31+00:00","og_image":[{"width":1080,"height":1080,"url":"http:\/\/hairbeauty-pro.com\/wp-content\/uploads\/2024\/03\/22477_kayproxil-shampoo-1000ml.png","type":"image\/png"}],"twitter_card":"summary_large_image","twitter_misc":{"Est. reading time":"1 minuta"},"schema":{"@context":"https:\/\/schema.org","@graph":[{"@type":"WebPage","@id":"https:\/\/hairbeauty-pro.com\/?product=kayproxil-sampon-1000ml","url":"https:\/\/hairbeauty-pro.com\/?product=kayproxil-sampon-1000ml","name":"KAYPROXIL \u0160AMPON 1000ml - Flash","isPartOf":{"@id":"https:\/\/hairbeauty-pro.com\/#website"},"datePublished":"2024-03-12T12:19:18+00:00","dateModified":"2026-03-24T11:32:31+00:00","description":"\u0160ampon protiv opadanja kose. pH vrijednost: 5.0 \u0160ampon sa uljem \u010dajevca \u010disti i pro\u010dI\u0161\u0107uje tjeme, ima efekat regeneracije i rebalansiranja. Ne sadr\u017eI:","breadcrumb":{"@id":"https:\/\/hairbeauty-pro.com\/?product=kayproxil-sampon-1000ml#breadcrumb"},"inLanguage":"bs-BA","potentialAction":[{"@type":"ReadAction","target":["https:\/\/hairbeauty-pro.com\/?product=kayproxil-sampon-1000ml"]}]},{"@type":"BreadcrumbList","@id":"https:\/\/hairbeauty-pro.com\/?product=kayproxil-sampon-1000ml#breadcrumb","itemListElement":[{"@type":"ListItem","position":1,"name":"Home","item":"https:\/\/hairbeauty-pro.com\/"},{"@type":"ListItem","position":2,"name":"Shop","item":"https:\/\/hairbeauty-pro.com\/?page_id=11"},{"@type":"ListItem","position":3,"name":"KAYPROXIL \u0160AMPON 1000ml"}]},{"@type":"WebSite","@id":"https:\/\/hairbeauty-pro.com\/#website","url":"https:\/\/hairbeauty-pro.com\/","name":"Flash","description":"Va\u0161a ultimativna destinacja za njegu kose","publisher":{"@id":"https:\/\/hairbeauty-pro.com\/#organization"},"potentialAction":[{"@type":"SearchAction","target":{"@type":"EntryPoint","urlTemplate":"https:\/\/hairbeauty-pro.com\/?s={search_term_string}"},"query-input":"required name=search_term_string"}],"inLanguage":"bs-BA"},{"@type":"Organization","@id":"https:\/\/hairbeauty-pro.com\/#organization","name":"Flash","url":"https:\/\/hairbeauty-pro.com\/","logo":{"@type":"ImageObject","inLanguage":"bs-BA","@id":"https:\/\/hairbeauty-pro.com\/#\/schema\/logo\/image\/","url":"https:\/\/hairbeauty-pro.com\/wp-content\/uploads\/2023\/07\/cropped-FLASH-LOGO-png.png","contentUrl":"https:\/\/hairbeauty-pro.com\/wp-content\/uploads\/2023\/07\/cropped-FLASH-LOGO-png.png","width":1316,"height":521,"caption":"Flash"},"image":{"@id":"https:\/\/hairbeauty-pro.com\/#\/schema\/logo\/image\/"}}]}},"_links":{"self":[{"href":"https:\/\/hairbeauty-pro.com\/index.php?rest_route=\/wp\/v2\/product\/6587"}],"collection":[{"href":"https:\/\/hairbeauty-pro.com\/index.php?rest_route=\/wp\/v2\/product"}],"about":[{"href":"https:\/\/hairbeauty-pro.com\/index.php?rest_route=\/wp\/v2\/types\/product"}],"replies":[{"embeddable":true,"href":"https:\/\/hairbeauty-pro.com\/index.php?rest_route=%2Fwp%2Fv2%2Fcomments&post=6587"}],"wp:featuredmedia":[{"embeddable":true,"href":"https:\/\/hairbeauty-pro.com\/index.php?rest_route=\/wp\/v2\/media\/6588"}],"wp:attachment":[{"href":"https:\/\/hairbeauty-pro.com\/index.php?rest_route=%2Fwp%2Fv2%2Fmedia&parent=6587"}],"wp:term":[{"taxonomy":"product_cat","embeddable":true,"href":"https:\/\/hairbeauty-pro.com\/index.php?rest_route=%2Fwp%2Fv2%2Fproduct_cat&post=6587"},{"taxonomy":"product_tag","embeddable":true,"href":"https:\/\/hairbeauty-pro.com\/index.php?rest_route=%2Fwp%2Fv2%2Fproduct_tag&post=6587"}],"curies":[{"name":"wp","href":"https:\/\/api.w.org\/{rel}","templated":true}]}}