{"id":6099,"date":"2023-11-23T10:59:15","date_gmt":"2023-11-23T10:59:15","guid":{"rendered":"https:\/\/hairbeauty-pro.com\/?product=brazilian-liss-post-set"},"modified":"2026-03-24T11:33:15","modified_gmt":"2026-03-24T11:33:15","slug":"brazilian-liss-post-set","status":"publish","type":"product","link":"https:\/\/hairbeauty-pro.com\/?product=brazilian-liss-post-set","title":{"rendered":"BRAZILIAN LISS POST SET"},"content":{"rendered":"<p>Set za odr\u017eavanje kose nakon keratinskog tretmana.<br \/>\nBRAZILIAN LISS POST \u0160AMPON<br \/>\n\u0160ampon za upotrebu nakon tretmana ispravljanja kose<br \/>\nSpecijalni \u0161ampon za nje\u017eno i efikasno pranje kose<br \/>\nkoji istovremeno hidrira i disciplinuje tretiranu<br \/>\nkosu tretmanom Brasilian Liss. Zahvaljuju\u0107i<br \/>\nprirodnim sastojcima koje sadr\u017ei kosu odr\u017eava<br \/>\nispravljenom, smanjuje efekat stati\u010dkog<br \/>\nelektriciteta, kosu \u010dini lakom za oblikovanje,<br \/>\nmekom, sjajnom i laganom. Produ\u017eava efekat i hrani strukturu kose.<br \/>\nBRAZILIAN LISS POST MASKA<br \/>\nMaska za upotrebu nakon tretmana ispravljanja kose.<br \/>\nMaska koja pru\u017ea oporavak i za\u0161titu na bazi Karit\u00e9 \u0160e i kakao maslaca koji \u010dine prirodne<br \/>\naktivne sastojke za dubinsko hidriranje i disciplinovanje kose. Umanjuje efekat stati\u010dkog<br \/>\nelektriciteta u kosi, ravna kutikulu I oja\u010dava o\u0161te\u0107ene vlasi elimini\u0161u\u0107i efekat nemirne<br \/>\nkose koji nastaje nakon su\u0161enja. Bogata je keratinom, kojim kosu \u010dini lak\u0161om za<br \/>\noblikovanje, mekom i sjajnom ne daju\u0107i te\u017einu dlaci. Produ\u017eava trajanje Brasilian Liss<br \/>\ntretmana ispravljanja kose.<\/p>\n","protected":false},"excerpt":{"rendered":"<p>Set za odr\u017eavanje kose nakon keratinskog tretmana. BRAZILIAN LISS POST \u0160AMPON \u0160ampon za upotrebu nakon tretmana ispravljanja kose Specijalni \u0161ampon za nje\u017eno i efikasno pranje kose koji istovremeno hidrira i disciplinuje tretiranu kosu tretmanom Brasilian Liss. Zahvaljuju\u0107i prirodnim sastojcima koje sadr\u017ei kosu odr\u017eava ispravljenom, smanjuje efekat stati\u010dkog elektriciteta, kosu \u010dini lakom za oblikovanje, mekom, sjajnom [&hellip;]<\/p>\n","protected":false},"featured_media":6012,"comment_status":"open","ping_status":"closed","template":"","meta":{"site-sidebar-layout":"default","site-content-layout":"","ast-site-content-layout":"default","site-content-style":"default","site-sidebar-style":"default","ast-global-header-display":"","ast-banner-title-visibility":"","ast-main-header-display":"","ast-hfb-above-header-display":"","ast-hfb-below-header-display":"","ast-hfb-mobile-header-display":"","site-post-title":"","ast-breadcrumbs-content":"","ast-featured-img":"","footer-sml-layout":"","theme-transparent-header-meta":"","adv-header-id-meta":"","stick-header-meta":"","header-above-stick-meta":"","header-main-stick-meta":"","header-below-stick-meta":"","astra-migrate-meta-layouts":"default","ast-page-background-enabled":"default","ast-page-background-meta":{"desktop":{"background-color":"","background-image":"","background-repeat":"repeat","background-position":"center center","background-size":"auto","background-attachment":"scroll","background-type":"","background-media":"","overlay-type":"","overlay-color":"","overlay-opacity":"","overlay-gradient":""},"tablet":{"background-color":"","background-image":"","background-repeat":"repeat","background-position":"center center","background-size":"auto","background-attachment":"scroll","background-type":"","background-media":"","overlay-type":"","overlay-color":"","overlay-opacity":"","overlay-gradient":""},"mobile":{"background-color":"","background-image":"","background-repeat":"repeat","background-position":"center center","background-size":"auto","background-attachment":"scroll","background-type":"","background-media":"","overlay-type":"","overlay-color":"","overlay-opacity":"","overlay-gradient":""}},"ast-content-background-meta":{"desktop":{"background-color":"var(--ast-global-color-5)","background-image":"","background-repeat":"repeat","background-position":"center center","background-size":"auto","background-attachment":"scroll","background-type":"","background-media":"","overlay-type":"","overlay-color":"","overlay-opacity":"","overlay-gradient":""},"tablet":{"background-color":"var(--ast-global-color-5)","background-image":"","background-repeat":"repeat","background-position":"center center","background-size":"auto","background-attachment":"scroll","background-type":"","background-media":"","overlay-type":"","overlay-color":"","overlay-opacity":"","overlay-gradient":""},"mobile":{"background-color":"var(--ast-global-color-5)","background-image":"","background-repeat":"repeat","background-position":"center center","background-size":"auto","background-attachment":"scroll","background-type":"","background-media":"","overlay-type":"","overlay-color":"","overlay-opacity":"","overlay-gradient":""}}},"product_cat":[44,225,269,176,90,247,178,105,60],"product_tag":[],"yoast_head":"<!-- This site is optimized with the Yoast SEO plugin v21.7 - https:\/\/yoast.com\/wordpress\/plugins\/seo\/ -->\n<title>BRAZILIAN LISS POST SET - Flash<\/title>\n<meta name=\"description\" content=\"Set za odr\u017eavanje kose nakon keratinskog tretmana. BRAZILIAN LISS POST \u0160AMPON \u0160ampon za upotrebu nakon tretmana ispravljanja kose Specijalni \u0161ampon za\" \/>\n<meta name=\"robots\" content=\"index, follow, max-snippet:-1, max-image-preview:large, max-video-preview:-1\" \/>\n<link rel=\"canonical\" href=\"https:\/\/hairbeauty-pro.com\/?product=brazilian-liss-post-set\" \/>\n<meta property=\"og:locale\" content=\"bs_BA\" \/>\n<meta property=\"og:type\" content=\"article\" \/>\n<meta property=\"og:title\" content=\"BRAZILIAN LISS POST SET - Flash\" \/>\n<meta property=\"og:description\" content=\"Set za odr\u017eavanje kose nakon keratinskog tretmana. BRAZILIAN LISS POST \u0160AMPON \u0160ampon za upotrebu nakon tretmana ispravljanja kose Specijalni \u0161ampon za\" \/>\n<meta property=\"og:url\" content=\"https:\/\/hairbeauty-pro.com\/?product=brazilian-liss-post-set\" \/>\n<meta property=\"og:site_name\" content=\"Flash\" \/>\n<meta property=\"article:modified_time\" content=\"2026-03-24T11:33:15+00:00\" \/>\n<meta property=\"og:image\" content=\"http:\/\/hairbeauty-pro.com\/wp-content\/uploads\/2023\/11\/Brazilian-Liss-post-set.jpg\" \/>\n\t<meta property=\"og:image:width\" content=\"1512\" \/>\n\t<meta property=\"og:image:height\" content=\"2016\" \/>\n\t<meta property=\"og:image:type\" content=\"image\/jpeg\" \/>\n<meta name=\"twitter:card\" content=\"summary_large_image\" \/>\n<meta name=\"twitter:label1\" content=\"Est. reading time\" \/>\n\t<meta name=\"twitter:data1\" content=\"1 minuta\" \/>\n<script type=\"application\/ld+json\" class=\"yoast-schema-graph\">{\"@context\":\"https:\/\/schema.org\",\"@graph\":[{\"@type\":\"WebPage\",\"@id\":\"https:\/\/hairbeauty-pro.com\/?product=brazilian-liss-post-set\",\"url\":\"https:\/\/hairbeauty-pro.com\/?product=brazilian-liss-post-set\",\"name\":\"BRAZILIAN LISS POST SET - Flash\",\"isPartOf\":{\"@id\":\"https:\/\/hairbeauty-pro.com\/#website\"},\"datePublished\":\"2023-11-23T10:59:15+00:00\",\"dateModified\":\"2026-03-24T11:33:15+00:00\",\"description\":\"Set za odr\u017eavanje kose nakon keratinskog tretmana. BRAZILIAN LISS POST \u0160AMPON \u0160ampon za upotrebu nakon tretmana ispravljanja kose Specijalni \u0161ampon za\",\"breadcrumb\":{\"@id\":\"https:\/\/hairbeauty-pro.com\/?product=brazilian-liss-post-set#breadcrumb\"},\"inLanguage\":\"bs-BA\",\"potentialAction\":[{\"@type\":\"ReadAction\",\"target\":[\"https:\/\/hairbeauty-pro.com\/?product=brazilian-liss-post-set\"]}]},{\"@type\":\"BreadcrumbList\",\"@id\":\"https:\/\/hairbeauty-pro.com\/?product=brazilian-liss-post-set#breadcrumb\",\"itemListElement\":[{\"@type\":\"ListItem\",\"position\":1,\"name\":\"Home\",\"item\":\"https:\/\/hairbeauty-pro.com\/\"},{\"@type\":\"ListItem\",\"position\":2,\"name\":\"Shop\",\"item\":\"https:\/\/hairbeauty-pro.com\/?page_id=11\"},{\"@type\":\"ListItem\",\"position\":3,\"name\":\"BRAZILIAN LISS POST SET\"}]},{\"@type\":\"WebSite\",\"@id\":\"https:\/\/hairbeauty-pro.com\/#website\",\"url\":\"https:\/\/hairbeauty-pro.com\/\",\"name\":\"Flash\",\"description\":\"Va\u0161a ultimativna destinacja za njegu kose\",\"publisher\":{\"@id\":\"https:\/\/hairbeauty-pro.com\/#organization\"},\"potentialAction\":[{\"@type\":\"SearchAction\",\"target\":{\"@type\":\"EntryPoint\",\"urlTemplate\":\"https:\/\/hairbeauty-pro.com\/?s={search_term_string}\"},\"query-input\":\"required name=search_term_string\"}],\"inLanguage\":\"bs-BA\"},{\"@type\":\"Organization\",\"@id\":\"https:\/\/hairbeauty-pro.com\/#organization\",\"name\":\"Flash\",\"url\":\"https:\/\/hairbeauty-pro.com\/\",\"logo\":{\"@type\":\"ImageObject\",\"inLanguage\":\"bs-BA\",\"@id\":\"https:\/\/hairbeauty-pro.com\/#\/schema\/logo\/image\/\",\"url\":\"https:\/\/hairbeauty-pro.com\/wp-content\/uploads\/2023\/07\/cropped-FLASH-LOGO-png.png\",\"contentUrl\":\"https:\/\/hairbeauty-pro.com\/wp-content\/uploads\/2023\/07\/cropped-FLASH-LOGO-png.png\",\"width\":1316,\"height\":521,\"caption\":\"Flash\"},\"image\":{\"@id\":\"https:\/\/hairbeauty-pro.com\/#\/schema\/logo\/image\/\"}}]}<\/script>\n<!-- \/ Yoast SEO plugin. -->","yoast_head_json":{"title":"BRAZILIAN LISS POST SET - Flash","description":"Set za odr\u017eavanje kose nakon keratinskog tretmana. BRAZILIAN LISS POST \u0160AMPON \u0160ampon za upotrebu nakon tretmana ispravljanja kose Specijalni \u0161ampon za","robots":{"index":"index","follow":"follow","max-snippet":"max-snippet:-1","max-image-preview":"max-image-preview:large","max-video-preview":"max-video-preview:-1"},"canonical":"https:\/\/hairbeauty-pro.com\/?product=brazilian-liss-post-set","og_locale":"bs_BA","og_type":"article","og_title":"BRAZILIAN LISS POST SET - Flash","og_description":"Set za odr\u017eavanje kose nakon keratinskog tretmana. BRAZILIAN LISS POST \u0160AMPON \u0160ampon za upotrebu nakon tretmana ispravljanja kose Specijalni \u0161ampon za","og_url":"https:\/\/hairbeauty-pro.com\/?product=brazilian-liss-post-set","og_site_name":"Flash","article_modified_time":"2026-03-24T11:33:15+00:00","og_image":[{"width":1512,"height":2016,"url":"http:\/\/hairbeauty-pro.com\/wp-content\/uploads\/2023\/11\/Brazilian-Liss-post-set.jpg","type":"image\/jpeg"}],"twitter_card":"summary_large_image","twitter_misc":{"Est. reading time":"1 minuta"},"schema":{"@context":"https:\/\/schema.org","@graph":[{"@type":"WebPage","@id":"https:\/\/hairbeauty-pro.com\/?product=brazilian-liss-post-set","url":"https:\/\/hairbeauty-pro.com\/?product=brazilian-liss-post-set","name":"BRAZILIAN LISS POST SET - Flash","isPartOf":{"@id":"https:\/\/hairbeauty-pro.com\/#website"},"datePublished":"2023-11-23T10:59:15+00:00","dateModified":"2026-03-24T11:33:15+00:00","description":"Set za odr\u017eavanje kose nakon keratinskog tretmana. BRAZILIAN LISS POST \u0160AMPON \u0160ampon za upotrebu nakon tretmana ispravljanja kose Specijalni \u0161ampon za","breadcrumb":{"@id":"https:\/\/hairbeauty-pro.com\/?product=brazilian-liss-post-set#breadcrumb"},"inLanguage":"bs-BA","potentialAction":[{"@type":"ReadAction","target":["https:\/\/hairbeauty-pro.com\/?product=brazilian-liss-post-set"]}]},{"@type":"BreadcrumbList","@id":"https:\/\/hairbeauty-pro.com\/?product=brazilian-liss-post-set#breadcrumb","itemListElement":[{"@type":"ListItem","position":1,"name":"Home","item":"https:\/\/hairbeauty-pro.com\/"},{"@type":"ListItem","position":2,"name":"Shop","item":"https:\/\/hairbeauty-pro.com\/?page_id=11"},{"@type":"ListItem","position":3,"name":"BRAZILIAN LISS POST SET"}]},{"@type":"WebSite","@id":"https:\/\/hairbeauty-pro.com\/#website","url":"https:\/\/hairbeauty-pro.com\/","name":"Flash","description":"Va\u0161a ultimativna destinacja za njegu kose","publisher":{"@id":"https:\/\/hairbeauty-pro.com\/#organization"},"potentialAction":[{"@type":"SearchAction","target":{"@type":"EntryPoint","urlTemplate":"https:\/\/hairbeauty-pro.com\/?s={search_term_string}"},"query-input":"required name=search_term_string"}],"inLanguage":"bs-BA"},{"@type":"Organization","@id":"https:\/\/hairbeauty-pro.com\/#organization","name":"Flash","url":"https:\/\/hairbeauty-pro.com\/","logo":{"@type":"ImageObject","inLanguage":"bs-BA","@id":"https:\/\/hairbeauty-pro.com\/#\/schema\/logo\/image\/","url":"https:\/\/hairbeauty-pro.com\/wp-content\/uploads\/2023\/07\/cropped-FLASH-LOGO-png.png","contentUrl":"https:\/\/hairbeauty-pro.com\/wp-content\/uploads\/2023\/07\/cropped-FLASH-LOGO-png.png","width":1316,"height":521,"caption":"Flash"},"image":{"@id":"https:\/\/hairbeauty-pro.com\/#\/schema\/logo\/image\/"}}]}},"_links":{"self":[{"href":"https:\/\/hairbeauty-pro.com\/index.php?rest_route=\/wp\/v2\/product\/6099"}],"collection":[{"href":"https:\/\/hairbeauty-pro.com\/index.php?rest_route=\/wp\/v2\/product"}],"about":[{"href":"https:\/\/hairbeauty-pro.com\/index.php?rest_route=\/wp\/v2\/types\/product"}],"replies":[{"embeddable":true,"href":"https:\/\/hairbeauty-pro.com\/index.php?rest_route=%2Fwp%2Fv2%2Fcomments&post=6099"}],"wp:featuredmedia":[{"embeddable":true,"href":"https:\/\/hairbeauty-pro.com\/index.php?rest_route=\/wp\/v2\/media\/6012"}],"wp:attachment":[{"href":"https:\/\/hairbeauty-pro.com\/index.php?rest_route=%2Fwp%2Fv2%2Fmedia&parent=6099"}],"wp:term":[{"taxonomy":"product_cat","embeddable":true,"href":"https:\/\/hairbeauty-pro.com\/index.php?rest_route=%2Fwp%2Fv2%2Fproduct_cat&post=6099"},{"taxonomy":"product_tag","embeddable":true,"href":"https:\/\/hairbeauty-pro.com\/index.php?rest_route=%2Fwp%2Fv2%2Fproduct_tag&post=6099"}],"curies":[{"name":"wp","href":"https:\/\/api.w.org\/{rel}","templated":true}]}}