{"id":3560,"date":"2023-09-13T10:40:50","date_gmt":"2023-09-13T10:40:50","guid":{"rendered":"https:\/\/hairbeauty-pro.com\/?post_type=product&#038;p=3560"},"modified":"2024-10-03T08:59:32","modified_gmt":"2024-10-03T08:59:32","slug":"ys-337-cesalj-za-sisanje-3","status":"publish","type":"product","link":"https:\/\/hairbeauty-pro.com\/?product=ys-337-cesalj-za-sisanje-3","title":{"rendered":"YS-337 \u010ce\u0161alj za \u0161i\u0161anje bijeli"},"content":{"rendered":"<p>Ovaj \u010de\u0161alj zaobljenih zubaca dizajniran je sa \u0161irim razmakom za kratku i srednje dugu kosu. Zahvaljuju\u0107i dizajnu zubaca stvara vi\u0161e pritiska, pa je idealan za kosu tanke i fine teksture.<\/p>\n<p>ZAOBLJENI ZUPCI<\/p>\n<p>Zaobljeni zupci dizajnirani su da bi pru\u017eili osje\u0107aj ra\u0161\u010de\u0161ljavanja kose vr\u0161cima prstiju te omogu\u0107uju ra\u0161\u010de\u0161ljavanje kose bez grebanja vlasi\u0161ta. Za razliku od kvadratnih zubaca, zaobljeni zupci omogu\u0107uju manje pritiska kako bi se dalo vi\u0161e teksture i mek\u0161i izgled.<\/p>\n","protected":false},"excerpt":{"rendered":"<p>Du\u017eina: 190 mm<\/p>\n<p>Te\u017eina: 11gr<\/p>\n<p>Boje: bijela, zelena, mint zelena<\/p>\n<p>Otpornost na toplotu:\u00a0 220oC, karbon 150oC<\/p>\n","protected":false},"featured_media":3561,"comment_status":"open","ping_status":"closed","template":"","meta":{"site-sidebar-layout":"default","site-content-layout":"","ast-site-content-layout":"default","site-content-style":"default","site-sidebar-style":"default","ast-global-header-display":"","ast-banner-title-visibility":"","ast-main-header-display":"","ast-hfb-above-header-display":"","ast-hfb-below-header-display":"","ast-hfb-mobile-header-display":"","site-post-title":"","ast-breadcrumbs-content":"","ast-featured-img":"","footer-sml-layout":"","theme-transparent-header-meta":"default","adv-header-id-meta":"","stick-header-meta":"","header-above-stick-meta":"","header-main-stick-meta":"","header-below-stick-meta":"","astra-migrate-meta-layouts":"set","ast-page-background-enabled":"default","ast-page-background-meta":{"desktop":{"background-color":"","background-image":"","background-repeat":"repeat","background-position":"center center","background-size":"auto","background-attachment":"scroll","background-type":"","background-media":"","overlay-type":"","overlay-color":"","overlay-opacity":"","overlay-gradient":""},"tablet":{"background-color":"","background-image":"","background-repeat":"repeat","background-position":"center center","background-size":"auto","background-attachment":"scroll","background-type":"","background-media":"","overlay-type":"","overlay-color":"","overlay-opacity":"","overlay-gradient":""},"mobile":{"background-color":"","background-image":"","background-repeat":"repeat","background-position":"center center","background-size":"auto","background-attachment":"scroll","background-type":"","background-media":"","overlay-type":"","overlay-color":"","overlay-opacity":"","overlay-gradient":""}},"ast-content-background-meta":{"desktop":{"background-color":"var(--ast-global-color-5)","background-image":"","background-repeat":"repeat","background-position":"center center","background-size":"auto","background-attachment":"scroll","background-type":"","background-media":"","overlay-type":"","overlay-color":"","overlay-opacity":"","overlay-gradient":""},"tablet":{"background-color":"var(--ast-global-color-5)","background-image":"","background-repeat":"repeat","background-position":"center center","background-size":"auto","background-attachment":"scroll","background-type":"","background-media":"","overlay-type":"","overlay-color":"","overlay-opacity":"","overlay-gradient":""},"mobile":{"background-color":"var(--ast-global-color-5)","background-image":"","background-repeat":"repeat","background-position":"center center","background-size":"auto","background-attachment":"scroll","background-type":"","background-media":"","overlay-type":"","overlay-color":"","overlay-opacity":"","overlay-gradient":""}}},"product_cat":[208,148,245,210,243,209,149,46],"product_tag":[],"yoast_head":"<!-- This site is optimized with the Yoast SEO plugin v21.7 - https:\/\/yoast.com\/wordpress\/plugins\/seo\/ -->\n<title>YS-337 \u010ce\u0161alj za \u0161i\u0161anje bijeli - Flash<\/title>\n<meta name=\"description\" content=\"Du\u017eina: 190 mm  Te\u017eina: 11gr  Boje: bijela, zelena, mint zelena  Otpornost na toplotu:\u00a0 220oC, karbon 150oC\" \/>\n<meta name=\"robots\" content=\"index, follow, max-snippet:-1, max-image-preview:large, max-video-preview:-1\" \/>\n<link rel=\"canonical\" href=\"https:\/\/hairbeauty-pro.com\/?product=ys-337-cesalj-za-sisanje-3\" \/>\n<meta property=\"og:locale\" content=\"bs_BA\" \/>\n<meta property=\"og:type\" content=\"article\" \/>\n<meta property=\"og:title\" content=\"YS-337 \u010ce\u0161alj za \u0161i\u0161anje bijeli - Flash\" \/>\n<meta property=\"og:description\" content=\"Du\u017eina: 190 mm  Te\u017eina: 11gr  Boje: bijela, zelena, mint zelena  Otpornost na toplotu:\u00a0 220oC, karbon 150oC\" \/>\n<meta property=\"og:url\" content=\"https:\/\/hairbeauty-pro.com\/?product=ys-337-cesalj-za-sisanje-3\" \/>\n<meta property=\"og:site_name\" content=\"Flash\" \/>\n<meta property=\"article:modified_time\" content=\"2024-10-03T08:59:32+00:00\" \/>\n<meta property=\"og:image\" content=\"http:\/\/hairbeauty-pro.com\/wp-content\/uploads\/2023\/09\/337_white.png\" \/>\n\t<meta property=\"og:image:width\" content=\"424\" \/>\n\t<meta property=\"og:image:height\" content=\"2708\" \/>\n\t<meta property=\"og:image:type\" content=\"image\/png\" \/>\n<meta name=\"twitter:card\" content=\"summary_large_image\" \/>\n<meta name=\"twitter:label1\" content=\"Est. reading time\" \/>\n\t<meta name=\"twitter:data1\" content=\"1 minuta\" \/>\n<script type=\"application\/ld+json\" class=\"yoast-schema-graph\">{\"@context\":\"https:\/\/schema.org\",\"@graph\":[{\"@type\":\"WebPage\",\"@id\":\"https:\/\/hairbeauty-pro.com\/?product=ys-337-cesalj-za-sisanje-3\",\"url\":\"https:\/\/hairbeauty-pro.com\/?product=ys-337-cesalj-za-sisanje-3\",\"name\":\"YS-337 \u010ce\u0161alj za \u0161i\u0161anje bijeli - Flash\",\"isPartOf\":{\"@id\":\"https:\/\/hairbeauty-pro.com\/#website\"},\"datePublished\":\"2023-09-13T10:40:50+00:00\",\"dateModified\":\"2024-10-03T08:59:32+00:00\",\"description\":\"Du\u017eina: 190 mm Te\u017eina: 11gr Boje: bijela, zelena, mint zelena Otpornost na toplotu:\u00a0 220oC, karbon 150oC\",\"breadcrumb\":{\"@id\":\"https:\/\/hairbeauty-pro.com\/?product=ys-337-cesalj-za-sisanje-3#breadcrumb\"},\"inLanguage\":\"bs-BA\",\"potentialAction\":[{\"@type\":\"ReadAction\",\"target\":[\"https:\/\/hairbeauty-pro.com\/?product=ys-337-cesalj-za-sisanje-3\"]}]},{\"@type\":\"BreadcrumbList\",\"@id\":\"https:\/\/hairbeauty-pro.com\/?product=ys-337-cesalj-za-sisanje-3#breadcrumb\",\"itemListElement\":[{\"@type\":\"ListItem\",\"position\":1,\"name\":\"Home\",\"item\":\"https:\/\/hairbeauty-pro.com\/\"},{\"@type\":\"ListItem\",\"position\":2,\"name\":\"Shop\",\"item\":\"https:\/\/hairbeauty-pro.com\/?page_id=11\"},{\"@type\":\"ListItem\",\"position\":3,\"name\":\"YS-337 \u010ce\u0161alj za \u0161i\u0161anje bijeli\"}]},{\"@type\":\"WebSite\",\"@id\":\"https:\/\/hairbeauty-pro.com\/#website\",\"url\":\"https:\/\/hairbeauty-pro.com\/\",\"name\":\"Flash\",\"description\":\"Va\u0161a ultimativna destinacja za njegu kose\",\"publisher\":{\"@id\":\"https:\/\/hairbeauty-pro.com\/#organization\"},\"potentialAction\":[{\"@type\":\"SearchAction\",\"target\":{\"@type\":\"EntryPoint\",\"urlTemplate\":\"https:\/\/hairbeauty-pro.com\/?s={search_term_string}\"},\"query-input\":\"required name=search_term_string\"}],\"inLanguage\":\"bs-BA\"},{\"@type\":\"Organization\",\"@id\":\"https:\/\/hairbeauty-pro.com\/#organization\",\"name\":\"Flash\",\"url\":\"https:\/\/hairbeauty-pro.com\/\",\"logo\":{\"@type\":\"ImageObject\",\"inLanguage\":\"bs-BA\",\"@id\":\"https:\/\/hairbeauty-pro.com\/#\/schema\/logo\/image\/\",\"url\":\"https:\/\/hairbeauty-pro.com\/wp-content\/uploads\/2023\/07\/cropped-FLASH-LOGO-png.png\",\"contentUrl\":\"https:\/\/hairbeauty-pro.com\/wp-content\/uploads\/2023\/07\/cropped-FLASH-LOGO-png.png\",\"width\":1316,\"height\":521,\"caption\":\"Flash\"},\"image\":{\"@id\":\"https:\/\/hairbeauty-pro.com\/#\/schema\/logo\/image\/\"}}]}<\/script>\n<!-- \/ Yoast SEO plugin. -->","yoast_head_json":{"title":"YS-337 \u010ce\u0161alj za \u0161i\u0161anje bijeli - Flash","description":"Du\u017eina: 190 mm  Te\u017eina: 11gr  Boje: bijela, zelena, mint zelena  Otpornost na toplotu:\u00a0 220oC, karbon 150oC","robots":{"index":"index","follow":"follow","max-snippet":"max-snippet:-1","max-image-preview":"max-image-preview:large","max-video-preview":"max-video-preview:-1"},"canonical":"https:\/\/hairbeauty-pro.com\/?product=ys-337-cesalj-za-sisanje-3","og_locale":"bs_BA","og_type":"article","og_title":"YS-337 \u010ce\u0161alj za \u0161i\u0161anje bijeli - Flash","og_description":"Du\u017eina: 190 mm  Te\u017eina: 11gr  Boje: bijela, zelena, mint zelena  Otpornost na toplotu:\u00a0 220oC, karbon 150oC","og_url":"https:\/\/hairbeauty-pro.com\/?product=ys-337-cesalj-za-sisanje-3","og_site_name":"Flash","article_modified_time":"2024-10-03T08:59:32+00:00","og_image":[{"width":424,"height":2708,"url":"http:\/\/hairbeauty-pro.com\/wp-content\/uploads\/2023\/09\/337_white.png","type":"image\/png"}],"twitter_card":"summary_large_image","twitter_misc":{"Est. reading time":"1 minuta"},"schema":{"@context":"https:\/\/schema.org","@graph":[{"@type":"WebPage","@id":"https:\/\/hairbeauty-pro.com\/?product=ys-337-cesalj-za-sisanje-3","url":"https:\/\/hairbeauty-pro.com\/?product=ys-337-cesalj-za-sisanje-3","name":"YS-337 \u010ce\u0161alj za \u0161i\u0161anje bijeli - Flash","isPartOf":{"@id":"https:\/\/hairbeauty-pro.com\/#website"},"datePublished":"2023-09-13T10:40:50+00:00","dateModified":"2024-10-03T08:59:32+00:00","description":"Du\u017eina: 190 mm Te\u017eina: 11gr Boje: bijela, zelena, mint zelena Otpornost na toplotu:\u00a0 220oC, karbon 150oC","breadcrumb":{"@id":"https:\/\/hairbeauty-pro.com\/?product=ys-337-cesalj-za-sisanje-3#breadcrumb"},"inLanguage":"bs-BA","potentialAction":[{"@type":"ReadAction","target":["https:\/\/hairbeauty-pro.com\/?product=ys-337-cesalj-za-sisanje-3"]}]},{"@type":"BreadcrumbList","@id":"https:\/\/hairbeauty-pro.com\/?product=ys-337-cesalj-za-sisanje-3#breadcrumb","itemListElement":[{"@type":"ListItem","position":1,"name":"Home","item":"https:\/\/hairbeauty-pro.com\/"},{"@type":"ListItem","position":2,"name":"Shop","item":"https:\/\/hairbeauty-pro.com\/?page_id=11"},{"@type":"ListItem","position":3,"name":"YS-337 \u010ce\u0161alj za \u0161i\u0161anje bijeli"}]},{"@type":"WebSite","@id":"https:\/\/hairbeauty-pro.com\/#website","url":"https:\/\/hairbeauty-pro.com\/","name":"Flash","description":"Va\u0161a ultimativna destinacja za njegu kose","publisher":{"@id":"https:\/\/hairbeauty-pro.com\/#organization"},"potentialAction":[{"@type":"SearchAction","target":{"@type":"EntryPoint","urlTemplate":"https:\/\/hairbeauty-pro.com\/?s={search_term_string}"},"query-input":"required name=search_term_string"}],"inLanguage":"bs-BA"},{"@type":"Organization","@id":"https:\/\/hairbeauty-pro.com\/#organization","name":"Flash","url":"https:\/\/hairbeauty-pro.com\/","logo":{"@type":"ImageObject","inLanguage":"bs-BA","@id":"https:\/\/hairbeauty-pro.com\/#\/schema\/logo\/image\/","url":"https:\/\/hairbeauty-pro.com\/wp-content\/uploads\/2023\/07\/cropped-FLASH-LOGO-png.png","contentUrl":"https:\/\/hairbeauty-pro.com\/wp-content\/uploads\/2023\/07\/cropped-FLASH-LOGO-png.png","width":1316,"height":521,"caption":"Flash"},"image":{"@id":"https:\/\/hairbeauty-pro.com\/#\/schema\/logo\/image\/"}}]}},"_links":{"self":[{"href":"https:\/\/hairbeauty-pro.com\/index.php?rest_route=\/wp\/v2\/product\/3560"}],"collection":[{"href":"https:\/\/hairbeauty-pro.com\/index.php?rest_route=\/wp\/v2\/product"}],"about":[{"href":"https:\/\/hairbeauty-pro.com\/index.php?rest_route=\/wp\/v2\/types\/product"}],"replies":[{"embeddable":true,"href":"https:\/\/hairbeauty-pro.com\/index.php?rest_route=%2Fwp%2Fv2%2Fcomments&post=3560"}],"wp:featuredmedia":[{"embeddable":true,"href":"https:\/\/hairbeauty-pro.com\/index.php?rest_route=\/wp\/v2\/media\/3561"}],"wp:attachment":[{"href":"https:\/\/hairbeauty-pro.com\/index.php?rest_route=%2Fwp%2Fv2%2Fmedia&parent=3560"}],"wp:term":[{"taxonomy":"product_cat","embeddable":true,"href":"https:\/\/hairbeauty-pro.com\/index.php?rest_route=%2Fwp%2Fv2%2Fproduct_cat&post=3560"},{"taxonomy":"product_tag","embeddable":true,"href":"https:\/\/hairbeauty-pro.com\/index.php?rest_route=%2Fwp%2Fv2%2Fproduct_tag&post=3560"}],"curies":[{"name":"wp","href":"https:\/\/api.w.org\/{rel}","templated":true}]}}