{"id":3524,"date":"2023-09-13T10:00:12","date_gmt":"2023-09-13T10:00:12","guid":{"rendered":"https:\/\/hairbeauty-pro.com\/?post_type=product&#038;p=3524"},"modified":"2023-12-18T09:51:05","modified_gmt":"2023-12-18T09:51:05","slug":"ys-332-cesalj-za-sisanje-2","status":"publish","type":"product","link":"https:\/\/hairbeauty-pro.com\/?product=ys-332-cesalj-za-sisanje-2","title":{"rendered":"YS-332 \u010ce\u0161alj za \u0161i\u0161anje crveni"},"content":{"rendered":"<p>Ovaj \u010de\u0161alj ima dvije vrste zubaca &#8211; zaobljene, ali i standardne kvadratne zupce. Idealan je za prelaze izme\u0111u tehnika \u0161i\u0161anja. Du\u017ei, deblji i \u0161iri dizajn omogu\u0107uje bolje prijanjanje i lak\u0161e \u010de\u0161ljanje.<\/p>\n<p>ZAOBLJENI ZUPCI<\/p>\n<p>Zaobljeni zupci dizajnirani su da bi pru\u017eili osje\u0107aj ra\u0161\u010de\u0161ljavanja kose vrhovima prstiju, te omogu\u0107uju ra\u0161\u010de\u0161ljavanje kose bez grebanja tjemena. Za razliku od kvadratnih zubaca, zaobljeni zupci omogu\u0107uju manji pritisak, kako bi se dobilo vi\u0161e teksture i mek\u0161i izgled.<\/p>\n","protected":false},"excerpt":{"rendered":"<p>Du\u017eina: 185 mm<\/p>\n<p>Boje: crvena, bijela, pink<\/p>\n<p>Otpornost na toplotu:\u00a0 220oC, karbon 150oC<\/p>\n","protected":false},"featured_media":3525,"comment_status":"open","ping_status":"closed","template":"","meta":{"site-sidebar-layout":"default","site-content-layout":"","ast-site-content-layout":"default","site-content-style":"default","site-sidebar-style":"default","ast-global-header-display":"","ast-banner-title-visibility":"","ast-main-header-display":"","ast-hfb-above-header-display":"","ast-hfb-below-header-display":"","ast-hfb-mobile-header-display":"","site-post-title":"","ast-breadcrumbs-content":"","ast-featured-img":"","footer-sml-layout":"","theme-transparent-header-meta":"default","adv-header-id-meta":"","stick-header-meta":"","header-above-stick-meta":"","header-main-stick-meta":"","header-below-stick-meta":"","astra-migrate-meta-layouts":"set","ast-page-background-enabled":"default","ast-page-background-meta":{"desktop":{"background-color":"","background-image":"","background-repeat":"repeat","background-position":"center center","background-size":"auto","background-attachment":"scroll","background-type":"","background-media":"","overlay-type":"","overlay-color":"","overlay-opacity":"","overlay-gradient":""},"tablet":{"background-color":"","background-image":"","background-repeat":"repeat","background-position":"center center","background-size":"auto","background-attachment":"scroll","background-type":"","background-media":"","overlay-type":"","overlay-color":"","overlay-opacity":"","overlay-gradient":""},"mobile":{"background-color":"","background-image":"","background-repeat":"repeat","background-position":"center center","background-size":"auto","background-attachment":"scroll","background-type":"","background-media":"","overlay-type":"","overlay-color":"","overlay-opacity":"","overlay-gradient":""}},"ast-content-background-meta":{"desktop":{"background-color":"var(--ast-global-color-5)","background-image":"","background-repeat":"repeat","background-position":"center center","background-size":"auto","background-attachment":"scroll","background-type":"","background-media":"","overlay-type":"","overlay-color":"","overlay-opacity":"","overlay-gradient":""},"tablet":{"background-color":"var(--ast-global-color-5)","background-image":"","background-repeat":"repeat","background-position":"center center","background-size":"auto","background-attachment":"scroll","background-type":"","background-media":"","overlay-type":"","overlay-color":"","overlay-opacity":"","overlay-gradient":""},"mobile":{"background-color":"var(--ast-global-color-5)","background-image":"","background-repeat":"repeat","background-position":"center center","background-size":"auto","background-attachment":"scroll","background-type":"","background-media":"","overlay-type":"","overlay-color":"","overlay-opacity":"","overlay-gradient":""}}},"product_cat":[208,148,245,210,243,209,149,46],"product_tag":[],"yoast_head":"<!-- This site is optimized with the Yoast SEO plugin v21.7 - https:\/\/yoast.com\/wordpress\/plugins\/seo\/ -->\n<title>YS-332 \u010ce\u0161alj za \u0161i\u0161anje crveni - Flash<\/title>\n<meta name=\"description\" content=\"Du\u017eina: 185 mm  Boje: crvena, bijela, pink  Otpornost na toplotu:\u00a0 220oC, karbon 150oC\" \/>\n<meta name=\"robots\" content=\"index, follow, max-snippet:-1, max-image-preview:large, max-video-preview:-1\" \/>\n<link rel=\"canonical\" href=\"https:\/\/hairbeauty-pro.com\/?product=ys-332-cesalj-za-sisanje-2\" \/>\n<meta property=\"og:locale\" content=\"bs_BA\" \/>\n<meta property=\"og:type\" content=\"article\" \/>\n<meta property=\"og:title\" content=\"YS-332 \u010ce\u0161alj za \u0161i\u0161anje crveni - Flash\" \/>\n<meta property=\"og:description\" content=\"Du\u017eina: 185 mm  Boje: crvena, bijela, pink  Otpornost na toplotu:\u00a0 220oC, karbon 150oC\" \/>\n<meta property=\"og:url\" content=\"https:\/\/hairbeauty-pro.com\/?product=ys-332-cesalj-za-sisanje-2\" \/>\n<meta property=\"og:site_name\" content=\"Flash\" \/>\n<meta property=\"article:modified_time\" content=\"2023-12-18T09:51:05+00:00\" \/>\n<meta property=\"og:image\" content=\"http:\/\/hairbeauty-pro.com\/wp-content\/uploads\/2023\/09\/332_red.png\" \/>\n\t<meta property=\"og:image:width\" content=\"440\" \/>\n\t<meta property=\"og:image:height\" content=\"2549\" \/>\n\t<meta property=\"og:image:type\" content=\"image\/png\" \/>\n<meta name=\"twitter:card\" content=\"summary_large_image\" \/>\n<script type=\"application\/ld+json\" class=\"yoast-schema-graph\">{\"@context\":\"https:\/\/schema.org\",\"@graph\":[{\"@type\":\"WebPage\",\"@id\":\"https:\/\/hairbeauty-pro.com\/?product=ys-332-cesalj-za-sisanje-2\",\"url\":\"https:\/\/hairbeauty-pro.com\/?product=ys-332-cesalj-za-sisanje-2\",\"name\":\"YS-332 \u010ce\u0161alj za \u0161i\u0161anje crveni - Flash\",\"isPartOf\":{\"@id\":\"https:\/\/hairbeauty-pro.com\/#website\"},\"datePublished\":\"2023-09-13T10:00:12+00:00\",\"dateModified\":\"2023-12-18T09:51:05+00:00\",\"description\":\"Du\u017eina: 185 mm Boje: crvena, bijela, pink Otpornost na toplotu:\u00a0 220oC, karbon 150oC\",\"breadcrumb\":{\"@id\":\"https:\/\/hairbeauty-pro.com\/?product=ys-332-cesalj-za-sisanje-2#breadcrumb\"},\"inLanguage\":\"bs-BA\",\"potentialAction\":[{\"@type\":\"ReadAction\",\"target\":[\"https:\/\/hairbeauty-pro.com\/?product=ys-332-cesalj-za-sisanje-2\"]}]},{\"@type\":\"BreadcrumbList\",\"@id\":\"https:\/\/hairbeauty-pro.com\/?product=ys-332-cesalj-za-sisanje-2#breadcrumb\",\"itemListElement\":[{\"@type\":\"ListItem\",\"position\":1,\"name\":\"Home\",\"item\":\"https:\/\/hairbeauty-pro.com\/\"},{\"@type\":\"ListItem\",\"position\":2,\"name\":\"Shop\",\"item\":\"https:\/\/hairbeauty-pro.com\/?page_id=11\"},{\"@type\":\"ListItem\",\"position\":3,\"name\":\"YS-332 \u010ce\u0161alj za \u0161i\u0161anje crveni\"}]},{\"@type\":\"WebSite\",\"@id\":\"https:\/\/hairbeauty-pro.com\/#website\",\"url\":\"https:\/\/hairbeauty-pro.com\/\",\"name\":\"Flash\",\"description\":\"Va\u0161a ultimativna destinacja za njegu kose\",\"publisher\":{\"@id\":\"https:\/\/hairbeauty-pro.com\/#organization\"},\"potentialAction\":[{\"@type\":\"SearchAction\",\"target\":{\"@type\":\"EntryPoint\",\"urlTemplate\":\"https:\/\/hairbeauty-pro.com\/?s={search_term_string}\"},\"query-input\":\"required name=search_term_string\"}],\"inLanguage\":\"bs-BA\"},{\"@type\":\"Organization\",\"@id\":\"https:\/\/hairbeauty-pro.com\/#organization\",\"name\":\"Flash\",\"url\":\"https:\/\/hairbeauty-pro.com\/\",\"logo\":{\"@type\":\"ImageObject\",\"inLanguage\":\"bs-BA\",\"@id\":\"https:\/\/hairbeauty-pro.com\/#\/schema\/logo\/image\/\",\"url\":\"https:\/\/hairbeauty-pro.com\/wp-content\/uploads\/2023\/07\/cropped-FLASH-LOGO-png.png\",\"contentUrl\":\"https:\/\/hairbeauty-pro.com\/wp-content\/uploads\/2023\/07\/cropped-FLASH-LOGO-png.png\",\"width\":1316,\"height\":521,\"caption\":\"Flash\"},\"image\":{\"@id\":\"https:\/\/hairbeauty-pro.com\/#\/schema\/logo\/image\/\"}}]}<\/script>\n<!-- \/ Yoast SEO plugin. -->","yoast_head_json":{"title":"YS-332 \u010ce\u0161alj za \u0161i\u0161anje crveni - Flash","description":"Du\u017eina: 185 mm  Boje: crvena, bijela, pink  Otpornost na toplotu:\u00a0 220oC, karbon 150oC","robots":{"index":"index","follow":"follow","max-snippet":"max-snippet:-1","max-image-preview":"max-image-preview:large","max-video-preview":"max-video-preview:-1"},"canonical":"https:\/\/hairbeauty-pro.com\/?product=ys-332-cesalj-za-sisanje-2","og_locale":"bs_BA","og_type":"article","og_title":"YS-332 \u010ce\u0161alj za \u0161i\u0161anje crveni - Flash","og_description":"Du\u017eina: 185 mm  Boje: crvena, bijela, pink  Otpornost na toplotu:\u00a0 220oC, karbon 150oC","og_url":"https:\/\/hairbeauty-pro.com\/?product=ys-332-cesalj-za-sisanje-2","og_site_name":"Flash","article_modified_time":"2023-12-18T09:51:05+00:00","og_image":[{"width":440,"height":2549,"url":"http:\/\/hairbeauty-pro.com\/wp-content\/uploads\/2023\/09\/332_red.png","type":"image\/png"}],"twitter_card":"summary_large_image","schema":{"@context":"https:\/\/schema.org","@graph":[{"@type":"WebPage","@id":"https:\/\/hairbeauty-pro.com\/?product=ys-332-cesalj-za-sisanje-2","url":"https:\/\/hairbeauty-pro.com\/?product=ys-332-cesalj-za-sisanje-2","name":"YS-332 \u010ce\u0161alj za \u0161i\u0161anje crveni - Flash","isPartOf":{"@id":"https:\/\/hairbeauty-pro.com\/#website"},"datePublished":"2023-09-13T10:00:12+00:00","dateModified":"2023-12-18T09:51:05+00:00","description":"Du\u017eina: 185 mm Boje: crvena, bijela, pink Otpornost na toplotu:\u00a0 220oC, karbon 150oC","breadcrumb":{"@id":"https:\/\/hairbeauty-pro.com\/?product=ys-332-cesalj-za-sisanje-2#breadcrumb"},"inLanguage":"bs-BA","potentialAction":[{"@type":"ReadAction","target":["https:\/\/hairbeauty-pro.com\/?product=ys-332-cesalj-za-sisanje-2"]}]},{"@type":"BreadcrumbList","@id":"https:\/\/hairbeauty-pro.com\/?product=ys-332-cesalj-za-sisanje-2#breadcrumb","itemListElement":[{"@type":"ListItem","position":1,"name":"Home","item":"https:\/\/hairbeauty-pro.com\/"},{"@type":"ListItem","position":2,"name":"Shop","item":"https:\/\/hairbeauty-pro.com\/?page_id=11"},{"@type":"ListItem","position":3,"name":"YS-332 \u010ce\u0161alj za \u0161i\u0161anje crveni"}]},{"@type":"WebSite","@id":"https:\/\/hairbeauty-pro.com\/#website","url":"https:\/\/hairbeauty-pro.com\/","name":"Flash","description":"Va\u0161a ultimativna destinacja za njegu kose","publisher":{"@id":"https:\/\/hairbeauty-pro.com\/#organization"},"potentialAction":[{"@type":"SearchAction","target":{"@type":"EntryPoint","urlTemplate":"https:\/\/hairbeauty-pro.com\/?s={search_term_string}"},"query-input":"required name=search_term_string"}],"inLanguage":"bs-BA"},{"@type":"Organization","@id":"https:\/\/hairbeauty-pro.com\/#organization","name":"Flash","url":"https:\/\/hairbeauty-pro.com\/","logo":{"@type":"ImageObject","inLanguage":"bs-BA","@id":"https:\/\/hairbeauty-pro.com\/#\/schema\/logo\/image\/","url":"https:\/\/hairbeauty-pro.com\/wp-content\/uploads\/2023\/07\/cropped-FLASH-LOGO-png.png","contentUrl":"https:\/\/hairbeauty-pro.com\/wp-content\/uploads\/2023\/07\/cropped-FLASH-LOGO-png.png","width":1316,"height":521,"caption":"Flash"},"image":{"@id":"https:\/\/hairbeauty-pro.com\/#\/schema\/logo\/image\/"}}]}},"_links":{"self":[{"href":"https:\/\/hairbeauty-pro.com\/index.php?rest_route=\/wp\/v2\/product\/3524"}],"collection":[{"href":"https:\/\/hairbeauty-pro.com\/index.php?rest_route=\/wp\/v2\/product"}],"about":[{"href":"https:\/\/hairbeauty-pro.com\/index.php?rest_route=\/wp\/v2\/types\/product"}],"replies":[{"embeddable":true,"href":"https:\/\/hairbeauty-pro.com\/index.php?rest_route=%2Fwp%2Fv2%2Fcomments&post=3524"}],"wp:featuredmedia":[{"embeddable":true,"href":"https:\/\/hairbeauty-pro.com\/index.php?rest_route=\/wp\/v2\/media\/3525"}],"wp:attachment":[{"href":"https:\/\/hairbeauty-pro.com\/index.php?rest_route=%2Fwp%2Fv2%2Fmedia&parent=3524"}],"wp:term":[{"taxonomy":"product_cat","embeddable":true,"href":"https:\/\/hairbeauty-pro.com\/index.php?rest_route=%2Fwp%2Fv2%2Fproduct_cat&post=3524"},{"taxonomy":"product_tag","embeddable":true,"href":"https:\/\/hairbeauty-pro.com\/index.php?rest_route=%2Fwp%2Fv2%2Fproduct_tag&post=3524"}],"curies":[{"name":"wp","href":"https:\/\/api.w.org\/{rel}","templated":true}]}}