{"id":3470,"date":"2023-09-13T08:46:57","date_gmt":"2023-09-13T08:46:57","guid":{"rendered":"https:\/\/hairbeauty-pro.com\/?post_type=product&#038;p=3470"},"modified":"2023-12-18T10:15:45","modified_gmt":"2023-12-18T10:15:45","slug":"kay-pro-dekolor-blans-no-yellow-dust-free-2","status":"publish","type":"product","link":"https:\/\/hairbeauty-pro.com\/?product=kay-pro-dekolor-blans-no-yellow-dust-free-2","title":{"rendered":"KAY PRO DEKOLOR (BLAN\u0160)  NO YELLOW &#8211; DUST FREE 1000ml"},"content":{"rendered":"<p>Blan\u0161 u prahu KayPro NO YELLOW (DUST FREE) sa hidrolizatom svile, mineralnim uljima i ultramarina pigmentima\u00a0 homogene i stabilne formule ne stvara pra\u0161inu prilikom mije\u0161anja. Mo\u017ee se koristiti u bilo kojoj tehnici. Koristi se za izbjelivanje\u00a0 kose za\u00a0 5-6 tonova, veoma je pogodan za balayage tehniku i posvjetljivanje tamnih pigmenata.\u00a0 Specifi\u010dna formula NO YELLOW sprije\u010dava pojavu ne\u017eeljenog efekta \u017eutila i samim tim rezultira platinastom nijansom plave boje kose. Djeluje nje\u017eno na kosu i\u00a0 ne mijenja\u00a0 osnovnu\u00a0 funkcije dlake.\u00a0 Ne isu\u0161uje i ne dehidrira kosu.<\/p>\n<p>Upotreba:<\/p>\n<p>Pomije\u0161ajte 1 dozu blan\u0161a sa 2 doze hidrogena (50gr blan\u0161a sa 100ml hidrogena) 3,6,9,12% (shodno tipu bijeljenja kose koji \u017eelite posti\u0107i).<\/p>\n<p>Indicirano vrijeme djelovanja shodno upotrebljenom hidrogenu:<\/p>\n<p>-za srijednje izbjeljivanje 15-20 minuta;<\/p>\n<p>-za ja\u010de izbijeljivanje 30-40 minuta.<\/p>\n<p>U bilo kom slu\u010daju, maksimalno vrijeme djelovanja je 40 minuta, nakon \u010dega se blan\u0161 mora ukloniti sa kose.<\/p>\n","protected":false},"excerpt":{"rendered":"<p>Cijena na upit &#8211; samo za salonsku upotrebu<\/p>\n<p>1000ML<\/p>\n","protected":false},"featured_media":3471,"comment_status":"open","ping_status":"closed","template":"","meta":{"site-sidebar-layout":"default","site-content-layout":"","ast-site-content-layout":"default","site-content-style":"default","site-sidebar-style":"default","ast-global-header-display":"","ast-banner-title-visibility":"","ast-main-header-display":"","ast-hfb-above-header-display":"","ast-hfb-below-header-display":"","ast-hfb-mobile-header-display":"","site-post-title":"","ast-breadcrumbs-content":"","ast-featured-img":"","footer-sml-layout":"","theme-transparent-header-meta":"default","adv-header-id-meta":"","stick-header-meta":"","header-above-stick-meta":"","header-main-stick-meta":"","header-below-stick-meta":"","astra-migrate-meta-layouts":"set","ast-page-background-enabled":"default","ast-page-background-meta":{"desktop":{"background-color":"","background-image":"","background-repeat":"repeat","background-position":"center center","background-size":"auto","background-attachment":"scroll","background-type":"","background-media":"","overlay-type":"","overlay-color":"","overlay-opacity":"","overlay-gradient":""},"tablet":{"background-color":"","background-image":"","background-repeat":"repeat","background-position":"center center","background-size":"auto","background-attachment":"scroll","background-type":"","background-media":"","overlay-type":"","overlay-color":"","overlay-opacity":"","overlay-gradient":""},"mobile":{"background-color":"","background-image":"","background-repeat":"repeat","background-position":"center center","background-size":"auto","background-attachment":"scroll","background-type":"","background-media":"","overlay-type":"","overlay-color":"","overlay-opacity":"","overlay-gradient":""}},"ast-content-background-meta":{"desktop":{"background-color":"var(--ast-global-color-5)","background-image":"","background-repeat":"repeat","background-position":"center center","background-size":"auto","background-attachment":"scroll","background-type":"","background-media":"","overlay-type":"","overlay-color":"","overlay-opacity":"","overlay-gradient":""},"tablet":{"background-color":"var(--ast-global-color-5)","background-image":"","background-repeat":"repeat","background-position":"center center","background-size":"auto","background-attachment":"scroll","background-type":"","background-media":"","overlay-type":"","overlay-color":"","overlay-opacity":"","overlay-gradient":""},"mobile":{"background-color":"var(--ast-global-color-5)","background-image":"","background-repeat":"repeat","background-position":"center center","background-size":"auto","background-attachment":"scroll","background-type":"","background-media":"","overlay-type":"","overlay-color":"","overlay-opacity":"","overlay-gradient":""}}},"product_cat":[198,144,191,81,44,269],"product_tag":[],"yoast_head":"<!-- This site is optimized with the Yoast SEO plugin v21.7 - https:\/\/yoast.com\/wordpress\/plugins\/seo\/ -->\n<title>KAY PRO DEKOLOR (BLAN\u0160) NO YELLOW - DUST FREE 1000ml - Flash<\/title>\n<meta name=\"description\" content=\"Cijena na upit - samo za salonsku upotrebu  1000ML\" \/>\n<meta name=\"robots\" content=\"index, follow, max-snippet:-1, max-image-preview:large, max-video-preview:-1\" \/>\n<link rel=\"canonical\" href=\"https:\/\/hairbeauty-pro.com\/?product=kay-pro-dekolor-blans-no-yellow-dust-free-2\" \/>\n<meta property=\"og:locale\" content=\"bs_BA\" \/>\n<meta property=\"og:type\" content=\"article\" \/>\n<meta property=\"og:title\" content=\"KAY PRO DEKOLOR (BLAN\u0160) NO YELLOW - DUST FREE 1000ml - Flash\" \/>\n<meta property=\"og:description\" content=\"Cijena na upit - samo za salonsku upotrebu  1000ML\" \/>\n<meta property=\"og:url\" content=\"https:\/\/hairbeauty-pro.com\/?product=kay-pro-dekolor-blans-no-yellow-dust-free-2\" \/>\n<meta property=\"og:site_name\" content=\"Flash\" \/>\n<meta property=\"article:modified_time\" content=\"2023-12-18T10:15:45+00:00\" \/>\n<meta property=\"og:image\" content=\"http:\/\/hairbeauty-pro.com\/wp-content\/uploads\/2023\/09\/17033-scaled.jpg\" \/>\n\t<meta property=\"og:image:width\" content=\"2560\" \/>\n\t<meta property=\"og:image:height\" content=\"1707\" \/>\n\t<meta property=\"og:image:type\" content=\"image\/jpeg\" \/>\n<meta name=\"twitter:card\" content=\"summary_large_image\" \/>\n<meta name=\"twitter:label1\" content=\"Est. reading time\" \/>\n\t<meta name=\"twitter:data1\" content=\"1 minuta\" \/>\n<script type=\"application\/ld+json\" class=\"yoast-schema-graph\">{\"@context\":\"https:\/\/schema.org\",\"@graph\":[{\"@type\":\"WebPage\",\"@id\":\"https:\/\/hairbeauty-pro.com\/?product=kay-pro-dekolor-blans-no-yellow-dust-free-2\",\"url\":\"https:\/\/hairbeauty-pro.com\/?product=kay-pro-dekolor-blans-no-yellow-dust-free-2\",\"name\":\"KAY PRO DEKOLOR (BLAN\u0160) NO YELLOW - DUST FREE 1000ml - Flash\",\"isPartOf\":{\"@id\":\"https:\/\/hairbeauty-pro.com\/#website\"},\"datePublished\":\"2023-09-13T08:46:57+00:00\",\"dateModified\":\"2023-12-18T10:15:45+00:00\",\"description\":\"Cijena na upit - samo za salonsku upotrebu 1000ML\",\"breadcrumb\":{\"@id\":\"https:\/\/hairbeauty-pro.com\/?product=kay-pro-dekolor-blans-no-yellow-dust-free-2#breadcrumb\"},\"inLanguage\":\"bs-BA\",\"potentialAction\":[{\"@type\":\"ReadAction\",\"target\":[\"https:\/\/hairbeauty-pro.com\/?product=kay-pro-dekolor-blans-no-yellow-dust-free-2\"]}]},{\"@type\":\"BreadcrumbList\",\"@id\":\"https:\/\/hairbeauty-pro.com\/?product=kay-pro-dekolor-blans-no-yellow-dust-free-2#breadcrumb\",\"itemListElement\":[{\"@type\":\"ListItem\",\"position\":1,\"name\":\"Home\",\"item\":\"https:\/\/hairbeauty-pro.com\/\"},{\"@type\":\"ListItem\",\"position\":2,\"name\":\"Shop\",\"item\":\"https:\/\/hairbeauty-pro.com\/?page_id=11\"},{\"@type\":\"ListItem\",\"position\":3,\"name\":\"KAY PRO DEKOLOR (BLAN\u0160) NO YELLOW &#8211; DUST FREE 1000ml\"}]},{\"@type\":\"WebSite\",\"@id\":\"https:\/\/hairbeauty-pro.com\/#website\",\"url\":\"https:\/\/hairbeauty-pro.com\/\",\"name\":\"Flash\",\"description\":\"Va\u0161a ultimativna destinacja za njegu kose\",\"publisher\":{\"@id\":\"https:\/\/hairbeauty-pro.com\/#organization\"},\"potentialAction\":[{\"@type\":\"SearchAction\",\"target\":{\"@type\":\"EntryPoint\",\"urlTemplate\":\"https:\/\/hairbeauty-pro.com\/?s={search_term_string}\"},\"query-input\":\"required name=search_term_string\"}],\"inLanguage\":\"bs-BA\"},{\"@type\":\"Organization\",\"@id\":\"https:\/\/hairbeauty-pro.com\/#organization\",\"name\":\"Flash\",\"url\":\"https:\/\/hairbeauty-pro.com\/\",\"logo\":{\"@type\":\"ImageObject\",\"inLanguage\":\"bs-BA\",\"@id\":\"https:\/\/hairbeauty-pro.com\/#\/schema\/logo\/image\/\",\"url\":\"https:\/\/hairbeauty-pro.com\/wp-content\/uploads\/2023\/07\/cropped-FLASH-LOGO-png.png\",\"contentUrl\":\"https:\/\/hairbeauty-pro.com\/wp-content\/uploads\/2023\/07\/cropped-FLASH-LOGO-png.png\",\"width\":1316,\"height\":521,\"caption\":\"Flash\"},\"image\":{\"@id\":\"https:\/\/hairbeauty-pro.com\/#\/schema\/logo\/image\/\"}}]}<\/script>\n<!-- \/ Yoast SEO plugin. -->","yoast_head_json":{"title":"KAY PRO DEKOLOR (BLAN\u0160) NO YELLOW - DUST FREE 1000ml - Flash","description":"Cijena na upit - samo za salonsku upotrebu  1000ML","robots":{"index":"index","follow":"follow","max-snippet":"max-snippet:-1","max-image-preview":"max-image-preview:large","max-video-preview":"max-video-preview:-1"},"canonical":"https:\/\/hairbeauty-pro.com\/?product=kay-pro-dekolor-blans-no-yellow-dust-free-2","og_locale":"bs_BA","og_type":"article","og_title":"KAY PRO DEKOLOR (BLAN\u0160) NO YELLOW - DUST FREE 1000ml - Flash","og_description":"Cijena na upit - samo za salonsku upotrebu  1000ML","og_url":"https:\/\/hairbeauty-pro.com\/?product=kay-pro-dekolor-blans-no-yellow-dust-free-2","og_site_name":"Flash","article_modified_time":"2023-12-18T10:15:45+00:00","og_image":[{"width":2560,"height":1707,"url":"http:\/\/hairbeauty-pro.com\/wp-content\/uploads\/2023\/09\/17033-scaled.jpg","type":"image\/jpeg"}],"twitter_card":"summary_large_image","twitter_misc":{"Est. reading time":"1 minuta"},"schema":{"@context":"https:\/\/schema.org","@graph":[{"@type":"WebPage","@id":"https:\/\/hairbeauty-pro.com\/?product=kay-pro-dekolor-blans-no-yellow-dust-free-2","url":"https:\/\/hairbeauty-pro.com\/?product=kay-pro-dekolor-blans-no-yellow-dust-free-2","name":"KAY PRO DEKOLOR (BLAN\u0160) NO YELLOW - DUST FREE 1000ml - Flash","isPartOf":{"@id":"https:\/\/hairbeauty-pro.com\/#website"},"datePublished":"2023-09-13T08:46:57+00:00","dateModified":"2023-12-18T10:15:45+00:00","description":"Cijena na upit - samo za salonsku upotrebu 1000ML","breadcrumb":{"@id":"https:\/\/hairbeauty-pro.com\/?product=kay-pro-dekolor-blans-no-yellow-dust-free-2#breadcrumb"},"inLanguage":"bs-BA","potentialAction":[{"@type":"ReadAction","target":["https:\/\/hairbeauty-pro.com\/?product=kay-pro-dekolor-blans-no-yellow-dust-free-2"]}]},{"@type":"BreadcrumbList","@id":"https:\/\/hairbeauty-pro.com\/?product=kay-pro-dekolor-blans-no-yellow-dust-free-2#breadcrumb","itemListElement":[{"@type":"ListItem","position":1,"name":"Home","item":"https:\/\/hairbeauty-pro.com\/"},{"@type":"ListItem","position":2,"name":"Shop","item":"https:\/\/hairbeauty-pro.com\/?page_id=11"},{"@type":"ListItem","position":3,"name":"KAY PRO DEKOLOR (BLAN\u0160) NO YELLOW &#8211; DUST FREE 1000ml"}]},{"@type":"WebSite","@id":"https:\/\/hairbeauty-pro.com\/#website","url":"https:\/\/hairbeauty-pro.com\/","name":"Flash","description":"Va\u0161a ultimativna destinacja za njegu kose","publisher":{"@id":"https:\/\/hairbeauty-pro.com\/#organization"},"potentialAction":[{"@type":"SearchAction","target":{"@type":"EntryPoint","urlTemplate":"https:\/\/hairbeauty-pro.com\/?s={search_term_string}"},"query-input":"required name=search_term_string"}],"inLanguage":"bs-BA"},{"@type":"Organization","@id":"https:\/\/hairbeauty-pro.com\/#organization","name":"Flash","url":"https:\/\/hairbeauty-pro.com\/","logo":{"@type":"ImageObject","inLanguage":"bs-BA","@id":"https:\/\/hairbeauty-pro.com\/#\/schema\/logo\/image\/","url":"https:\/\/hairbeauty-pro.com\/wp-content\/uploads\/2023\/07\/cropped-FLASH-LOGO-png.png","contentUrl":"https:\/\/hairbeauty-pro.com\/wp-content\/uploads\/2023\/07\/cropped-FLASH-LOGO-png.png","width":1316,"height":521,"caption":"Flash"},"image":{"@id":"https:\/\/hairbeauty-pro.com\/#\/schema\/logo\/image\/"}}]}},"_links":{"self":[{"href":"https:\/\/hairbeauty-pro.com\/index.php?rest_route=\/wp\/v2\/product\/3470"}],"collection":[{"href":"https:\/\/hairbeauty-pro.com\/index.php?rest_route=\/wp\/v2\/product"}],"about":[{"href":"https:\/\/hairbeauty-pro.com\/index.php?rest_route=\/wp\/v2\/types\/product"}],"replies":[{"embeddable":true,"href":"https:\/\/hairbeauty-pro.com\/index.php?rest_route=%2Fwp%2Fv2%2Fcomments&post=3470"}],"wp:featuredmedia":[{"embeddable":true,"href":"https:\/\/hairbeauty-pro.com\/index.php?rest_route=\/wp\/v2\/media\/3471"}],"wp:attachment":[{"href":"https:\/\/hairbeauty-pro.com\/index.php?rest_route=%2Fwp%2Fv2%2Fmedia&parent=3470"}],"wp:term":[{"taxonomy":"product_cat","embeddable":true,"href":"https:\/\/hairbeauty-pro.com\/index.php?rest_route=%2Fwp%2Fv2%2Fproduct_cat&post=3470"},{"taxonomy":"product_tag","embeddable":true,"href":"https:\/\/hairbeauty-pro.com\/index.php?rest_route=%2Fwp%2Fv2%2Fproduct_tag&post=3470"}],"curies":[{"name":"wp","href":"https:\/\/api.w.org\/{rel}","templated":true}]}}