{"id":3441,"date":"2023-09-11T17:03:20","date_gmt":"2023-09-11T17:03:20","guid":{"rendered":"https:\/\/hairbeauty-pro.com\/?post_type=product&#038;p=3441"},"modified":"2023-11-27T17:04:07","modified_gmt":"2023-11-27T17:04:07","slug":"hi-density-control-krema-za-kosu","status":"publish","type":"product","link":"https:\/\/hairbeauty-pro.com\/?product=hi-density-control-krema-za-kosu","title":{"rendered":"HI DENSITY CONTROL &#8211; KREMA ZA KOSU"},"content":{"rendered":"<p style=\"font-weight: 400;\">\u0160ta je i \u010demu slu\u017ei:<\/p>\n<p style=\"font-weight: 400;\">Krema u tubi od 200 ml za puno\u0107u kose.<\/p>\n<p style=\"font-weight: 400;\">Hidrira i njeguje kosu \u0161tite\u0107i je od toplote.<\/p>\n<p style=\"font-weight: 400;\">Omogu\u0107uje kontrolu i elasti\u010dnost kovrd\u017eave kose.<\/p>\n<p style=\"font-weight: 400;\">Kako se koristi:<\/p>\n<p style=\"font-weight: 400;\">Nanijeti na vla\u017enu kosu, pustiti da kosa upije, te ra\u0161\u010de\u0161ljati radi ravnomjernog raspore\u0111ivanja.<\/p>\n<p style=\"font-weight: 400;\">Osu\u0161iti i oblikovati frizuru po \u017eelji.<\/p>\n<p style=\"font-weight: 400;\">Savjeti stilista:<\/p>\n<p style=\"font-weight: 400;\">Proizvod je idealan za kosu koja je sklona razvijanju stati\u010dkog elektriciteta.<\/p>\n<p style=\"font-weight: 400;\">Tako\u0111e, produ\u017euje trajanje svake frizure izra\u0111ene uz pomo\u0107 pegle ili uvija\u010da za kosu.<\/p>\n","protected":false},"excerpt":{"rendered":"<div><span lang=\"DE-AT\">200 ML<\/span><\/div>\n<div><em><span lang=\"DE-AT\">Nivo ja\u010dine<\/span><\/em><\/div>\n<div><img decoding=\"async\" class=\"alignnone  wp-image-3366\" src=\"http:\/\/hairbeauty-pro.com\/wp-content\/uploads\/2023\/09\/Untitled-design-11.png\" alt=\"\" width=\"111\" height=\"26\" srcset=\"https:\/\/hairbeauty-pro.com\/wp-content\/uploads\/2023\/09\/Untitled-design-11.png 2556w, https:\/\/hairbeauty-pro.com\/wp-content\/uploads\/2023\/09\/Untitled-design-11-64x15.png 64w, https:\/\/hairbeauty-pro.com\/wp-content\/uploads\/2023\/09\/Untitled-design-11-600x140.png 600w\" sizes=\"(max-width: 111px) 100vw, 111px\" \/><\/div>\n<div><em>Sjaj<\/em><\/div>\n<div><img decoding=\"async\" class=\"alignnone  wp-image-3385\" src=\"http:\/\/hairbeauty-pro.com\/wp-content\/uploads\/2023\/09\/Untitled-design-13.png\" alt=\"\" width=\"114\" height=\"26\" srcset=\"https:\/\/hairbeauty-pro.com\/wp-content\/uploads\/2023\/09\/Untitled-design-13.png 2636w, https:\/\/hairbeauty-pro.com\/wp-content\/uploads\/2023\/09\/Untitled-design-13-64x15.png 64w, https:\/\/hairbeauty-pro.com\/wp-content\/uploads\/2023\/09\/Untitled-design-13-600x137.png 600w\" sizes=\"(max-width: 114px) 100vw, 114px\" \/><\/div>\n","protected":false},"featured_media":5655,"comment_status":"open","ping_status":"closed","template":"","meta":{"site-sidebar-layout":"default","site-content-layout":"","ast-site-content-layout":"default","site-content-style":"default","site-sidebar-style":"default","ast-global-header-display":"","ast-banner-title-visibility":"","ast-main-header-display":"","ast-hfb-above-header-display":"","ast-hfb-below-header-display":"","ast-hfb-mobile-header-display":"","site-post-title":"","ast-breadcrumbs-content":"","ast-featured-img":"","footer-sml-layout":"","theme-transparent-header-meta":"default","adv-header-id-meta":"","stick-header-meta":"","header-above-stick-meta":"","header-main-stick-meta":"","header-below-stick-meta":"","astra-migrate-meta-layouts":"set","ast-page-background-enabled":"default","ast-page-background-meta":{"desktop":{"background-color":"","background-image":"","background-repeat":"repeat","background-position":"center center","background-size":"auto","background-attachment":"scroll","background-type":"","background-media":"","overlay-type":"","overlay-color":"","overlay-opacity":"","overlay-gradient":""},"tablet":{"background-color":"","background-image":"","background-repeat":"repeat","background-position":"center center","background-size":"auto","background-attachment":"scroll","background-type":"","background-media":"","overlay-type":"","overlay-color":"","overlay-opacity":"","overlay-gradient":""},"mobile":{"background-color":"","background-image":"","background-repeat":"repeat","background-position":"center center","background-size":"auto","background-attachment":"scroll","background-type":"","background-media":"","overlay-type":"","overlay-color":"","overlay-opacity":"","overlay-gradient":""}},"ast-content-background-meta":{"desktop":{"background-color":"var(--ast-global-color-5)","background-image":"","background-repeat":"repeat","background-position":"center center","background-size":"auto","background-attachment":"scroll","background-type":"","background-media":"","overlay-type":"","overlay-color":"","overlay-opacity":"","overlay-gradient":""},"tablet":{"background-color":"var(--ast-global-color-5)","background-image":"","background-repeat":"repeat","background-position":"center center","background-size":"auto","background-attachment":"scroll","background-type":"","background-media":"","overlay-type":"","overlay-color":"","overlay-opacity":"","overlay-gradient":""},"mobile":{"background-color":"var(--ast-global-color-5)","background-image":"","background-repeat":"repeat","background-position":"center center","background-size":"auto","background-attachment":"scroll","background-type":"","background-media":"","overlay-type":"","overlay-color":"","overlay-opacity":"","overlay-gradient":""}}},"product_cat":[267,42,201,130,206,142],"product_tag":[],"yoast_head":"<!-- This site is optimized with the Yoast SEO plugin v21.7 - https:\/\/yoast.com\/wordpress\/plugins\/seo\/ -->\n<title>HI DENSITY CONTROL - KREMA ZA KOSU - Flash<\/title>\n<meta name=\"description\" content=\"200 ML Nivo ja\u010dine  Sjaj\" \/>\n<meta name=\"robots\" content=\"index, follow, max-snippet:-1, max-image-preview:large, max-video-preview:-1\" \/>\n<link rel=\"canonical\" href=\"https:\/\/hairbeauty-pro.com\/?product=hi-density-control-krema-za-kosu\" \/>\n<meta property=\"og:locale\" content=\"bs_BA\" \/>\n<meta property=\"og:type\" content=\"article\" \/>\n<meta property=\"og:title\" content=\"HI DENSITY CONTROL - KREMA ZA KOSU - Flash\" \/>\n<meta property=\"og:description\" content=\"200 ML Nivo ja\u010dine  Sjaj\" \/>\n<meta property=\"og:url\" content=\"https:\/\/hairbeauty-pro.com\/?product=hi-density-control-krema-za-kosu\" \/>\n<meta property=\"og:site_name\" content=\"Flash\" \/>\n<meta property=\"article:modified_time\" content=\"2023-11-27T17:04:07+00:00\" \/>\n<meta property=\"og:image\" content=\"https:\/\/hairbeauty-pro.com\/wp-content\/uploads\/2023\/11\/Manya-Hi-Density-control-200-ml-1-scaled-1.jpg\" \/>\n\t<meta property=\"og:image:width\" content=\"1137\" \/>\n\t<meta property=\"og:image:height\" content=\"2560\" \/>\n\t<meta property=\"og:image:type\" content=\"image\/jpeg\" \/>\n<meta name=\"twitter:card\" content=\"summary_large_image\" \/>\n<script type=\"application\/ld+json\" class=\"yoast-schema-graph\">{\"@context\":\"https:\/\/schema.org\",\"@graph\":[{\"@type\":\"WebPage\",\"@id\":\"https:\/\/hairbeauty-pro.com\/?product=hi-density-control-krema-za-kosu\",\"url\":\"https:\/\/hairbeauty-pro.com\/?product=hi-density-control-krema-za-kosu\",\"name\":\"HI DENSITY CONTROL - KREMA ZA KOSU - Flash\",\"isPartOf\":{\"@id\":\"https:\/\/hairbeauty-pro.com\/#website\"},\"datePublished\":\"2023-09-11T17:03:20+00:00\",\"dateModified\":\"2023-11-27T17:04:07+00:00\",\"description\":\"200 ML Nivo ja\u010dine Sjaj\",\"breadcrumb\":{\"@id\":\"https:\/\/hairbeauty-pro.com\/?product=hi-density-control-krema-za-kosu#breadcrumb\"},\"inLanguage\":\"bs-BA\",\"potentialAction\":[{\"@type\":\"ReadAction\",\"target\":[\"https:\/\/hairbeauty-pro.com\/?product=hi-density-control-krema-za-kosu\"]}]},{\"@type\":\"BreadcrumbList\",\"@id\":\"https:\/\/hairbeauty-pro.com\/?product=hi-density-control-krema-za-kosu#breadcrumb\",\"itemListElement\":[{\"@type\":\"ListItem\",\"position\":1,\"name\":\"Home\",\"item\":\"https:\/\/hairbeauty-pro.com\/\"},{\"@type\":\"ListItem\",\"position\":2,\"name\":\"Shop\",\"item\":\"https:\/\/hairbeauty-pro.com\/?page_id=11\"},{\"@type\":\"ListItem\",\"position\":3,\"name\":\"HI DENSITY CONTROL &#8211; KREMA ZA KOSU\"}]},{\"@type\":\"WebSite\",\"@id\":\"https:\/\/hairbeauty-pro.com\/#website\",\"url\":\"https:\/\/hairbeauty-pro.com\/\",\"name\":\"Flash\",\"description\":\"Va\u0161a ultimativna destinacja za njegu kose\",\"publisher\":{\"@id\":\"https:\/\/hairbeauty-pro.com\/#organization\"},\"potentialAction\":[{\"@type\":\"SearchAction\",\"target\":{\"@type\":\"EntryPoint\",\"urlTemplate\":\"https:\/\/hairbeauty-pro.com\/?s={search_term_string}\"},\"query-input\":\"required name=search_term_string\"}],\"inLanguage\":\"bs-BA\"},{\"@type\":\"Organization\",\"@id\":\"https:\/\/hairbeauty-pro.com\/#organization\",\"name\":\"Flash\",\"url\":\"https:\/\/hairbeauty-pro.com\/\",\"logo\":{\"@type\":\"ImageObject\",\"inLanguage\":\"bs-BA\",\"@id\":\"https:\/\/hairbeauty-pro.com\/#\/schema\/logo\/image\/\",\"url\":\"https:\/\/hairbeauty-pro.com\/wp-content\/uploads\/2023\/07\/cropped-FLASH-LOGO-png.png\",\"contentUrl\":\"https:\/\/hairbeauty-pro.com\/wp-content\/uploads\/2023\/07\/cropped-FLASH-LOGO-png.png\",\"width\":1316,\"height\":521,\"caption\":\"Flash\"},\"image\":{\"@id\":\"https:\/\/hairbeauty-pro.com\/#\/schema\/logo\/image\/\"}}]}<\/script>\n<!-- \/ Yoast SEO plugin. -->","yoast_head_json":{"title":"HI DENSITY CONTROL - KREMA ZA KOSU - Flash","description":"200 ML Nivo ja\u010dine  Sjaj","robots":{"index":"index","follow":"follow","max-snippet":"max-snippet:-1","max-image-preview":"max-image-preview:large","max-video-preview":"max-video-preview:-1"},"canonical":"https:\/\/hairbeauty-pro.com\/?product=hi-density-control-krema-za-kosu","og_locale":"bs_BA","og_type":"article","og_title":"HI DENSITY CONTROL - KREMA ZA KOSU - Flash","og_description":"200 ML Nivo ja\u010dine  Sjaj","og_url":"https:\/\/hairbeauty-pro.com\/?product=hi-density-control-krema-za-kosu","og_site_name":"Flash","article_modified_time":"2023-11-27T17:04:07+00:00","og_image":[{"width":1137,"height":2560,"url":"https:\/\/hairbeauty-pro.com\/wp-content\/uploads\/2023\/11\/Manya-Hi-Density-control-200-ml-1-scaled-1.jpg","type":"image\/jpeg"}],"twitter_card":"summary_large_image","schema":{"@context":"https:\/\/schema.org","@graph":[{"@type":"WebPage","@id":"https:\/\/hairbeauty-pro.com\/?product=hi-density-control-krema-za-kosu","url":"https:\/\/hairbeauty-pro.com\/?product=hi-density-control-krema-za-kosu","name":"HI DENSITY CONTROL - KREMA ZA KOSU - Flash","isPartOf":{"@id":"https:\/\/hairbeauty-pro.com\/#website"},"datePublished":"2023-09-11T17:03:20+00:00","dateModified":"2023-11-27T17:04:07+00:00","description":"200 ML Nivo ja\u010dine Sjaj","breadcrumb":{"@id":"https:\/\/hairbeauty-pro.com\/?product=hi-density-control-krema-za-kosu#breadcrumb"},"inLanguage":"bs-BA","potentialAction":[{"@type":"ReadAction","target":["https:\/\/hairbeauty-pro.com\/?product=hi-density-control-krema-za-kosu"]}]},{"@type":"BreadcrumbList","@id":"https:\/\/hairbeauty-pro.com\/?product=hi-density-control-krema-za-kosu#breadcrumb","itemListElement":[{"@type":"ListItem","position":1,"name":"Home","item":"https:\/\/hairbeauty-pro.com\/"},{"@type":"ListItem","position":2,"name":"Shop","item":"https:\/\/hairbeauty-pro.com\/?page_id=11"},{"@type":"ListItem","position":3,"name":"HI DENSITY CONTROL &#8211; KREMA ZA KOSU"}]},{"@type":"WebSite","@id":"https:\/\/hairbeauty-pro.com\/#website","url":"https:\/\/hairbeauty-pro.com\/","name":"Flash","description":"Va\u0161a ultimativna destinacja za njegu kose","publisher":{"@id":"https:\/\/hairbeauty-pro.com\/#organization"},"potentialAction":[{"@type":"SearchAction","target":{"@type":"EntryPoint","urlTemplate":"https:\/\/hairbeauty-pro.com\/?s={search_term_string}"},"query-input":"required name=search_term_string"}],"inLanguage":"bs-BA"},{"@type":"Organization","@id":"https:\/\/hairbeauty-pro.com\/#organization","name":"Flash","url":"https:\/\/hairbeauty-pro.com\/","logo":{"@type":"ImageObject","inLanguage":"bs-BA","@id":"https:\/\/hairbeauty-pro.com\/#\/schema\/logo\/image\/","url":"https:\/\/hairbeauty-pro.com\/wp-content\/uploads\/2023\/07\/cropped-FLASH-LOGO-png.png","contentUrl":"https:\/\/hairbeauty-pro.com\/wp-content\/uploads\/2023\/07\/cropped-FLASH-LOGO-png.png","width":1316,"height":521,"caption":"Flash"},"image":{"@id":"https:\/\/hairbeauty-pro.com\/#\/schema\/logo\/image\/"}}]}},"_links":{"self":[{"href":"https:\/\/hairbeauty-pro.com\/index.php?rest_route=\/wp\/v2\/product\/3441"}],"collection":[{"href":"https:\/\/hairbeauty-pro.com\/index.php?rest_route=\/wp\/v2\/product"}],"about":[{"href":"https:\/\/hairbeauty-pro.com\/index.php?rest_route=\/wp\/v2\/types\/product"}],"replies":[{"embeddable":true,"href":"https:\/\/hairbeauty-pro.com\/index.php?rest_route=%2Fwp%2Fv2%2Fcomments&post=3441"}],"wp:featuredmedia":[{"embeddable":true,"href":"https:\/\/hairbeauty-pro.com\/index.php?rest_route=\/wp\/v2\/media\/5655"}],"wp:attachment":[{"href":"https:\/\/hairbeauty-pro.com\/index.php?rest_route=%2Fwp%2Fv2%2Fmedia&parent=3441"}],"wp:term":[{"taxonomy":"product_cat","embeddable":true,"href":"https:\/\/hairbeauty-pro.com\/index.php?rest_route=%2Fwp%2Fv2%2Fproduct_cat&post=3441"},{"taxonomy":"product_tag","embeddable":true,"href":"https:\/\/hairbeauty-pro.com\/index.php?rest_route=%2Fwp%2Fv2%2Fproduct_tag&post=3441"}],"curies":[{"name":"wp","href":"https:\/\/api.w.org\/{rel}","templated":true}]}}