{"id":3355,"date":"2023-09-10T20:45:01","date_gmt":"2023-09-10T20:45:01","guid":{"rendered":"https:\/\/hairbeauty-pro.com\/?post_type=product&#038;p=3355"},"modified":"2023-11-27T14:38:21","modified_gmt":"2023-11-27T14:38:21","slug":"lunex-ice-toner-sampon","status":"publish","type":"product","link":"https:\/\/hairbeauty-pro.com\/?product=lunex-ice-toner-sampon","title":{"rendered":"LUNEX ICE TONER \u0160AMPON"},"content":{"rendered":"<p style=\"font-weight: 400;\">\u0160TA JE:<\/p>\n<p style=\"font-weight: 400;\">\u0160ampon za neutralizaciju \u017eutog tona kod prirodno bijele ili sive kose, dekolorirane\u00a0kose ili pramenova. \u010cisti i tonira kosu u jednom koraku. Sadr\u017ei poseban\u00a0ljubi\u010dasti pigment koji neutrali\u0161e ne\u017eeljene \u017eute re????ekse i pru\u017ea kosi sjajni\u00a0neutralni refleks, izbjegavaju\u0107i ne\u017eeljene plavkaste odsjaje.<\/p>\n<p style=\"font-weight: 400;\">Klju\u010dni sastojci:<\/p>\n<p style=\"font-weight: 400;\">Bond Creator Complex (BCC)<\/p>\n<p style=\"font-weight: 400;\">\u0160titi dekoloriranu kosu oja\u010davaju\u0107i\u00a0njenu strukturu i obnavljaju\u0107i o\u0161te\u0107ene\u00a0disulfidne mostove.<\/p>\n<p style=\"font-weight: 400;\">Ekstrakt kamilice<\/p>\n<p style=\"font-weight: 400;\">Njeguje i umiruje.<\/p>\n<p style=\"font-weight: 400;\">Hidrolizat keratina.<\/p>\n<p style=\"font-weight: 400;\">\u0160titi kosu \u010dine\u0107i je sna\u017enijom i\u00a0sjajnijom.<\/p>\n<p style=\"font-weight: 400;\">KARAKTERISTIKE:<\/p>\n<ul>\n<li style=\"font-weight: 400;\">TONIRA DEKOLORISANU KOSU DAJU\u0106I REZULTAT SAVR\u0160ENO BIJELE KOSE<\/li>\n<li style=\"font-weight: 400;\"><span style=\"font-size: 16px;\">UKLANJA NE\u017dELJENE \u017dUTE REFLEKSE TIPI\u010cNE ZA<\/span><\/li>\n<li style=\"font-weight: 400;\"><span style=\"font-size: 16px;\">PRIRODNU BIJELU ILI SIVU KOSU<\/span><\/li>\n<li style=\"font-weight: 400;\"><span style=\"font-size: 16px;\">ODLI\u010cAN ZA ODR\u017dAVANJE HLADNIH BLOND NIJANSI<\/span><\/li>\n<li style=\"font-weight: 400;\"><span style=\"font-size: 16px;\">PRU\u017dA PRIRODAN EFEKT KOD BLOND NIJANSI<\/span><\/li>\n<li style=\"font-weight: 400;\"><span style=\"font-size: 16px;\">NAGLA\u0160AVA SJAJ KOSE<\/span><\/li>\n<li style=\"font-weight: 400;\"><span style=\"font-size: 16px;\">NJE\u017dNO \u010cISTI<\/span><\/li>\n<li style=\"font-weight: 400;\"><span style=\"font-size: 16px;\">NJEGUJE KOSU OSTAVLJAJU\u0106I JE SVILENKASTO MEKOM<\/span><\/li>\n<li style=\"font-weight: 400;\"><span style=\"font-size: 16px;\">NE OSTAVLJA BOJU NA TJEMENU<\/span><\/li>\n<li style=\"font-weight: 400;\"><span style=\"font-size: 16px;\">NE SADR\u017dI SILIKONE<\/span><\/li>\n<\/ul>\n<p style=\"font-weight: 400;\">NA\u010cIN UPOTREBE:<\/p>\n<p style=\"font-weight: 400;\">Proizvod je spreman za upotrebu i nema potrebe za mije\u0161anjem, ve\u0107 se usluga\u00a0vr\u0161i d irektno na glavoperu. Uz no\u0161enje za\u0161titnih rukavica, proizvo d \u00a0nanijeti\u00a0na vla\u017enu kosu i emulgovati, ostaviti da djeluje potrebno vrijeme i potom\u00a0temeljino isprati.<\/p>\n<p style=\"font-weight: 400;\">Vrijeme dr\u017eanja:<\/p>\n<p style=\"font-weight: 400;\">Vrijeme dr\u017eanja i poroznost kose uslovljavaju intenzivnost refleksa pa \u0107 e s e u\u00a0zdravijoj kosi manje deponirati ljubi\u010dasti pigment.<\/p>\n<p style=\"font-weight: 400;\">U nastavku su navedene\u00a0preporuke za vrijeme dr\u017eanja.<\/p>\n<p style=\"font-weight: 400;\">TIP KOSE<\/p>\n<p style=\"font-weight: 400;\">BAZA NA KOJU SE<\/p>\n<p style=\"font-weight: 400;\">NANOSI<\/p>\n<p style=\"font-weight: 400;\">VRIJEME DR\u017dANJA<\/p>\n<p style=\"font-weight: 400;\">PRIRODNA<\/p>\n<p>&nbsp;<\/p>\n<p style=\"font-weight: 400;\">Baza: prirodno bijela ili siva<\/p>\n<p style=\"font-weight: 400;\">Vrijeme: od 1 do 5 minuta, zavisno\u00a0o intenzitetu prisutnog\u00a0\u017eutog refleksa<\/p>\n<p>&nbsp;<\/p>\n<p style=\"font-weight: 400;\">DEKOLORISANA ILI\u00a0SA PRAMENOVIMA<\/p>\n<p style=\"font-weight: 400;\">Baza:8 &#8211; 9<\/p>\n<p style=\"font-weight: 400;\">Vrijeme: do 2 minuta<\/p>\n<p>&nbsp;<\/p>\n<p style=\"font-weight: 400;\">DEKOLORISANA ILI\u00a0SA PRAMENOVIMA<\/p>\n<p style=\"font-weight: 400;\">Baza:9 &#8211; 10<\/p>\n<p style=\"font-weight: 400;\">Vrijeme: kontrolisati vizualno<\/p>\n<p style=\"font-weight: 400;\">\n","protected":false},"excerpt":{"rendered":"<p>1000 ML<\/p>\n<p>*Cijena na upit | Samo za salonsku upotrebu<\/p>\n","protected":false},"featured_media":5637,"comment_status":"open","ping_status":"closed","template":"","meta":{"site-sidebar-layout":"default","site-content-layout":"","ast-site-content-layout":"default","site-content-style":"default","site-sidebar-style":"default","ast-global-header-display":"","ast-banner-title-visibility":"","ast-main-header-display":"","ast-hfb-above-header-display":"","ast-hfb-below-header-display":"","ast-hfb-mobile-header-display":"","site-post-title":"","ast-breadcrumbs-content":"","ast-featured-img":"","footer-sml-layout":"","theme-transparent-header-meta":"default","adv-header-id-meta":"","stick-header-meta":"","header-above-stick-meta":"","header-main-stick-meta":"","header-below-stick-meta":"","astra-migrate-meta-layouts":"set","ast-page-background-enabled":"default","ast-page-background-meta":{"desktop":{"background-color":"","background-image":"","background-repeat":"repeat","background-position":"center center","background-size":"auto","background-attachment":"scroll","background-type":"","background-media":"","overlay-type":"","overlay-color":"","overlay-opacity":"","overlay-gradient":""},"tablet":{"background-color":"","background-image":"","background-repeat":"repeat","background-position":"center center","background-size":"auto","background-attachment":"scroll","background-type":"","background-media":"","overlay-type":"","overlay-color":"","overlay-opacity":"","overlay-gradient":""},"mobile":{"background-color":"","background-image":"","background-repeat":"repeat","background-position":"center center","background-size":"auto","background-attachment":"scroll","background-type":"","background-media":"","overlay-type":"","overlay-color":"","overlay-opacity":"","overlay-gradient":""}},"ast-content-background-meta":{"desktop":{"background-color":"var(--ast-global-color-5)","background-image":"","background-repeat":"repeat","background-position":"center center","background-size":"auto","background-attachment":"scroll","background-type":"","background-media":"","overlay-type":"","overlay-color":"","overlay-opacity":"","overlay-gradient":""},"tablet":{"background-color":"var(--ast-global-color-5)","background-image":"","background-repeat":"repeat","background-position":"center center","background-size":"auto","background-attachment":"scroll","background-type":"","background-media":"","overlay-type":"","overlay-color":"","overlay-opacity":"","overlay-gradient":""},"mobile":{"background-color":"var(--ast-global-color-5)","background-image":"","background-repeat":"repeat","background-position":"center center","background-size":"auto","background-attachment":"scroll","background-type":"","background-media":"","overlay-type":"","overlay-color":"","overlay-opacity":"","overlay-gradient":""}}},"product_cat":[191,265,126,199],"product_tag":[],"yoast_head":"<!-- This site is optimized with the Yoast SEO plugin v21.7 - https:\/\/yoast.com\/wordpress\/plugins\/seo\/ -->\n<title>LUNEX ICE TONER \u0160AMPON - Flash<\/title>\n<meta name=\"description\" content=\"1000 ML  *Cijena na upit | Samo za salonsku upotrebu\" \/>\n<meta name=\"robots\" content=\"index, follow, max-snippet:-1, max-image-preview:large, max-video-preview:-1\" \/>\n<link rel=\"canonical\" href=\"https:\/\/hairbeauty-pro.com\/?product=lunex-ice-toner-sampon\" \/>\n<meta property=\"og:locale\" content=\"bs_BA\" \/>\n<meta property=\"og:type\" content=\"article\" \/>\n<meta property=\"og:title\" content=\"LUNEX ICE TONER \u0160AMPON - Flash\" \/>\n<meta property=\"og:description\" content=\"1000 ML  *Cijena na upit | Samo za salonsku upotrebu\" \/>\n<meta property=\"og:url\" content=\"https:\/\/hairbeauty-pro.com\/?product=lunex-ice-toner-sampon\" \/>\n<meta property=\"og:site_name\" content=\"Flash\" \/>\n<meta property=\"article:modified_time\" content=\"2023-11-27T14:38:21+00:00\" \/>\n<meta property=\"og:image\" content=\"https:\/\/hairbeauty-pro.com\/wp-content\/uploads\/2023\/11\/Lunex-Ice-Toner-Shampoo-con-dosatore-1000-ML-Velian-1-scaled-1.jpg\" \/>\n\t<meta property=\"og:image:width\" content=\"1280\" \/>\n\t<meta property=\"og:image:height\" content=\"2560\" \/>\n\t<meta property=\"og:image:type\" content=\"image\/jpeg\" \/>\n<meta name=\"twitter:card\" content=\"summary_large_image\" \/>\n<meta name=\"twitter:label1\" content=\"Est. reading time\" \/>\n\t<meta name=\"twitter:data1\" content=\"1 minuta\" \/>\n<script type=\"application\/ld+json\" class=\"yoast-schema-graph\">{\"@context\":\"https:\/\/schema.org\",\"@graph\":[{\"@type\":\"WebPage\",\"@id\":\"https:\/\/hairbeauty-pro.com\/?product=lunex-ice-toner-sampon\",\"url\":\"https:\/\/hairbeauty-pro.com\/?product=lunex-ice-toner-sampon\",\"name\":\"LUNEX ICE TONER \u0160AMPON - Flash\",\"isPartOf\":{\"@id\":\"https:\/\/hairbeauty-pro.com\/#website\"},\"datePublished\":\"2023-09-10T20:45:01+00:00\",\"dateModified\":\"2023-11-27T14:38:21+00:00\",\"description\":\"1000 ML *Cijena na upit | Samo za salonsku upotrebu\",\"breadcrumb\":{\"@id\":\"https:\/\/hairbeauty-pro.com\/?product=lunex-ice-toner-sampon#breadcrumb\"},\"inLanguage\":\"bs-BA\",\"potentialAction\":[{\"@type\":\"ReadAction\",\"target\":[\"https:\/\/hairbeauty-pro.com\/?product=lunex-ice-toner-sampon\"]}]},{\"@type\":\"BreadcrumbList\",\"@id\":\"https:\/\/hairbeauty-pro.com\/?product=lunex-ice-toner-sampon#breadcrumb\",\"itemListElement\":[{\"@type\":\"ListItem\",\"position\":1,\"name\":\"Home\",\"item\":\"https:\/\/hairbeauty-pro.com\/\"},{\"@type\":\"ListItem\",\"position\":2,\"name\":\"Shop\",\"item\":\"https:\/\/hairbeauty-pro.com\/?page_id=11\"},{\"@type\":\"ListItem\",\"position\":3,\"name\":\"LUNEX ICE TONER \u0160AMPON\"}]},{\"@type\":\"WebSite\",\"@id\":\"https:\/\/hairbeauty-pro.com\/#website\",\"url\":\"https:\/\/hairbeauty-pro.com\/\",\"name\":\"Flash\",\"description\":\"Va\u0161a ultimativna destinacja za njegu kose\",\"publisher\":{\"@id\":\"https:\/\/hairbeauty-pro.com\/#organization\"},\"potentialAction\":[{\"@type\":\"SearchAction\",\"target\":{\"@type\":\"EntryPoint\",\"urlTemplate\":\"https:\/\/hairbeauty-pro.com\/?s={search_term_string}\"},\"query-input\":\"required name=search_term_string\"}],\"inLanguage\":\"bs-BA\"},{\"@type\":\"Organization\",\"@id\":\"https:\/\/hairbeauty-pro.com\/#organization\",\"name\":\"Flash\",\"url\":\"https:\/\/hairbeauty-pro.com\/\",\"logo\":{\"@type\":\"ImageObject\",\"inLanguage\":\"bs-BA\",\"@id\":\"https:\/\/hairbeauty-pro.com\/#\/schema\/logo\/image\/\",\"url\":\"https:\/\/hairbeauty-pro.com\/wp-content\/uploads\/2023\/07\/cropped-FLASH-LOGO-png.png\",\"contentUrl\":\"https:\/\/hairbeauty-pro.com\/wp-content\/uploads\/2023\/07\/cropped-FLASH-LOGO-png.png\",\"width\":1316,\"height\":521,\"caption\":\"Flash\"},\"image\":{\"@id\":\"https:\/\/hairbeauty-pro.com\/#\/schema\/logo\/image\/\"}}]}<\/script>\n<!-- \/ Yoast SEO plugin. -->","yoast_head_json":{"title":"LUNEX ICE TONER \u0160AMPON - Flash","description":"1000 ML  *Cijena na upit | Samo za salonsku upotrebu","robots":{"index":"index","follow":"follow","max-snippet":"max-snippet:-1","max-image-preview":"max-image-preview:large","max-video-preview":"max-video-preview:-1"},"canonical":"https:\/\/hairbeauty-pro.com\/?product=lunex-ice-toner-sampon","og_locale":"bs_BA","og_type":"article","og_title":"LUNEX ICE TONER \u0160AMPON - Flash","og_description":"1000 ML  *Cijena na upit | Samo za salonsku upotrebu","og_url":"https:\/\/hairbeauty-pro.com\/?product=lunex-ice-toner-sampon","og_site_name":"Flash","article_modified_time":"2023-11-27T14:38:21+00:00","og_image":[{"width":1280,"height":2560,"url":"https:\/\/hairbeauty-pro.com\/wp-content\/uploads\/2023\/11\/Lunex-Ice-Toner-Shampoo-con-dosatore-1000-ML-Velian-1-scaled-1.jpg","type":"image\/jpeg"}],"twitter_card":"summary_large_image","twitter_misc":{"Est. reading time":"1 minuta"},"schema":{"@context":"https:\/\/schema.org","@graph":[{"@type":"WebPage","@id":"https:\/\/hairbeauty-pro.com\/?product=lunex-ice-toner-sampon","url":"https:\/\/hairbeauty-pro.com\/?product=lunex-ice-toner-sampon","name":"LUNEX ICE TONER \u0160AMPON - Flash","isPartOf":{"@id":"https:\/\/hairbeauty-pro.com\/#website"},"datePublished":"2023-09-10T20:45:01+00:00","dateModified":"2023-11-27T14:38:21+00:00","description":"1000 ML *Cijena na upit | Samo za salonsku upotrebu","breadcrumb":{"@id":"https:\/\/hairbeauty-pro.com\/?product=lunex-ice-toner-sampon#breadcrumb"},"inLanguage":"bs-BA","potentialAction":[{"@type":"ReadAction","target":["https:\/\/hairbeauty-pro.com\/?product=lunex-ice-toner-sampon"]}]},{"@type":"BreadcrumbList","@id":"https:\/\/hairbeauty-pro.com\/?product=lunex-ice-toner-sampon#breadcrumb","itemListElement":[{"@type":"ListItem","position":1,"name":"Home","item":"https:\/\/hairbeauty-pro.com\/"},{"@type":"ListItem","position":2,"name":"Shop","item":"https:\/\/hairbeauty-pro.com\/?page_id=11"},{"@type":"ListItem","position":3,"name":"LUNEX ICE TONER \u0160AMPON"}]},{"@type":"WebSite","@id":"https:\/\/hairbeauty-pro.com\/#website","url":"https:\/\/hairbeauty-pro.com\/","name":"Flash","description":"Va\u0161a ultimativna destinacja za njegu kose","publisher":{"@id":"https:\/\/hairbeauty-pro.com\/#organization"},"potentialAction":[{"@type":"SearchAction","target":{"@type":"EntryPoint","urlTemplate":"https:\/\/hairbeauty-pro.com\/?s={search_term_string}"},"query-input":"required name=search_term_string"}],"inLanguage":"bs-BA"},{"@type":"Organization","@id":"https:\/\/hairbeauty-pro.com\/#organization","name":"Flash","url":"https:\/\/hairbeauty-pro.com\/","logo":{"@type":"ImageObject","inLanguage":"bs-BA","@id":"https:\/\/hairbeauty-pro.com\/#\/schema\/logo\/image\/","url":"https:\/\/hairbeauty-pro.com\/wp-content\/uploads\/2023\/07\/cropped-FLASH-LOGO-png.png","contentUrl":"https:\/\/hairbeauty-pro.com\/wp-content\/uploads\/2023\/07\/cropped-FLASH-LOGO-png.png","width":1316,"height":521,"caption":"Flash"},"image":{"@id":"https:\/\/hairbeauty-pro.com\/#\/schema\/logo\/image\/"}}]}},"_links":{"self":[{"href":"https:\/\/hairbeauty-pro.com\/index.php?rest_route=\/wp\/v2\/product\/3355"}],"collection":[{"href":"https:\/\/hairbeauty-pro.com\/index.php?rest_route=\/wp\/v2\/product"}],"about":[{"href":"https:\/\/hairbeauty-pro.com\/index.php?rest_route=\/wp\/v2\/types\/product"}],"replies":[{"embeddable":true,"href":"https:\/\/hairbeauty-pro.com\/index.php?rest_route=%2Fwp%2Fv2%2Fcomments&post=3355"}],"wp:featuredmedia":[{"embeddable":true,"href":"https:\/\/hairbeauty-pro.com\/index.php?rest_route=\/wp\/v2\/media\/5637"}],"wp:attachment":[{"href":"https:\/\/hairbeauty-pro.com\/index.php?rest_route=%2Fwp%2Fv2%2Fmedia&parent=3355"}],"wp:term":[{"taxonomy":"product_cat","embeddable":true,"href":"https:\/\/hairbeauty-pro.com\/index.php?rest_route=%2Fwp%2Fv2%2Fproduct_cat&post=3355"},{"taxonomy":"product_tag","embeddable":true,"href":"https:\/\/hairbeauty-pro.com\/index.php?rest_route=%2Fwp%2Fv2%2Fproduct_tag&post=3355"}],"curies":[{"name":"wp","href":"https:\/\/api.w.org\/{rel}","templated":true}]}}