{"id":3342,"date":"2023-09-07T18:45:40","date_gmt":"2023-09-07T18:45:40","guid":{"rendered":"https:\/\/hairbeauty-pro.com\/?post_type=product&#038;p=3342"},"modified":"2023-12-07T12:15:56","modified_gmt":"2023-12-07T12:15:56","slug":"lunex-decap-super-dekolor-blans","status":"publish","type":"product","link":"https:\/\/hairbeauty-pro.com\/?product=lunex-decap-super-dekolor-blans","title":{"rendered":"LUNEX DECAP SUPER  DEKOLOR (BLAN\u0160)"},"content":{"rendered":"<p style=\"font-weight: 400;\">\u0160TA JE:<\/p>\n<p style=\"font-weight: 400;\">Dekolor u prahu na bazi kozmeti\u010dkih ulja sa plavim pigmentom koji garantuje posvjetljivanje do 6 tonova, neutraliziraju\u0107i tople reflekse.<\/p>\n<p style=\"font-weight: 400;\">Karakteristike:<\/p>\n<ul>\n<li style=\"font-weight: 400;\">BRZO I JEDNOSTAVNO MIJE\u0160ANJE: NE BUBRI<\/li>\n<li style=\"font-weight: 400;\"><span style=\"font-size: 16px;\">NANO\u0160ENJE NA PRIRODNU I FABANJU KOSU<\/span><\/li>\n<li style=\"font-weight: 400;\"><span style=\"font-size: 16px;\">VISOKA MO\u0106 POSVJETLJIVANJA I ELIMINISANJE \u017dUTOG REFLEKSA<\/span><\/li>\n<li style=\"font-weight: 400;\"><span style=\"font-size: 16px;\">NE LAPI I NEMA MIRISA<\/span><\/li>\n<li style=\"font-weight: 400;\"><span style=\"font-size: 16px;\">IDEALAN ZA SKIDANJE BOJE<\/span><\/li>\n<li style=\"font-weight: 400;\"><span style=\"font-size: 16px;\">MO\u017dE SE KORISTITI UZ SVE TEHNIKE POSVJETLJIVANJA<\/span><\/li>\n<\/ul>\n<p style=\"font-weight: 400;\">UPOTEBA I USLUGE:<\/p>\n<p style=\"font-weight: 400;\">Mije\u0161anje:<\/p>\n<p style=\"font-weight: 400;\">Lunex Decap Super se priprema mije\u0161anjem:<\/p>\n<p style=\"font-weight: 400;\">Jedne mjerice Lunex Decap Super sa\u00a0 40 \u2013 70 ml Uni.Color Oxi.<\/p>\n<p style=\"font-weight: 400;\">Koli\u010dina Uni.Color Oxi zavisi o \u017eeljenoj teksturi proizvoda i odabranoj tehnici posvjetljivanja.<\/p>\n<p style=\"font-weight: 400;\">Posvjetljivanje i vrijeme dr\u017eanja:<\/p>\n<p style=\"font-weight: 400;\">Tabela u nastavku prikazuje visinu posvjetljivanja na prirodnoj bazi i vrijeme dr\u017eanja shodno kori\u0161tenom Uni.Color Oxi.<\/p>\n<p style=\"font-weight: 400;\">Usluge na prirodnoj kosi:<\/p>\n<p style=\"font-weight: 400;\">Za pramenove i ili posvjetljivanja do 6 tonova (M\u00e8ches)<\/p>\n<p style=\"font-weight: 400;\">Nanijeti mje\u0161avinu koriste\u0107i aluminijske folije ili \u010de\u0161alj.<\/p>\n<p style=\"font-weight: 400;\">Upotrebom aluminijskih folija posti\u017ee se br\u017ee djelovanje i ujedna\u010deniji rezultat.<\/p>\n<p style=\"font-weight: 400;\">Upotrebom\u00a0 \u010de\u0161lja posti\u017eu se prirodni i trodimenzionalni efekti.<\/p>\n<p style=\"font-weight: 400;\">Homogenost proizvoda omogu\u0107uje posvjetljivanje tokom cijelog vremena dr\u017eanja.<\/p>\n<p style=\"font-weight: 400;\">Usluge na farbanoj kosi:<\/p>\n<p style=\"font-weight: 400;\">Za ukanjanje posvjetljivanje kozmeti\u010dke boje (Decap)<\/p>\n<p style=\"font-weight: 400;\">Nanijeti mje\u0161avinu na osu\u0161enu kosu na zone na koje je potrebno.<\/p>\n<p style=\"font-weight: 400;\">Nje\u017eno masiraju\u0107i distribuirati proizvod i ostaviti da djeluje do postizanja \u017eeljenog rezultata, maksimalno do 30 minuta.<\/p>\n<p style=\"font-weight: 400;\">Isprati i nastaviti sa \u0161amponiranjem i regeneratorom.<\/p>\n","protected":false},"excerpt":{"rendered":"<p style=\"font-weight: 400;\">Jedno pakovanje sadr\u017ei dvije vre\u0107ice od 400g<\/p>\n<p>*Cijena na upit | Samo za salonsku upotrebu<\/p>\n","protected":false},"featured_media":3343,"comment_status":"open","ping_status":"closed","template":"","meta":{"site-sidebar-layout":"default","site-content-layout":"","ast-site-content-layout":"default","site-content-style":"default","site-sidebar-style":"default","ast-global-header-display":"","ast-banner-title-visibility":"","ast-main-header-display":"","ast-hfb-above-header-display":"","ast-hfb-below-header-display":"","ast-hfb-mobile-header-display":"","site-post-title":"","ast-breadcrumbs-content":"","ast-featured-img":"","footer-sml-layout":"","theme-transparent-header-meta":"default","adv-header-id-meta":"","stick-header-meta":"","header-above-stick-meta":"","header-main-stick-meta":"","header-below-stick-meta":"","astra-migrate-meta-layouts":"set","ast-page-background-enabled":"default","ast-page-background-meta":{"desktop":{"background-color":"","background-image":"","background-repeat":"repeat","background-position":"center center","background-size":"auto","background-attachment":"scroll","background-type":"","background-media":"","overlay-type":"","overlay-color":"","overlay-opacity":"","overlay-gradient":""},"tablet":{"background-color":"","background-image":"","background-repeat":"repeat","background-position":"center center","background-size":"auto","background-attachment":"scroll","background-type":"","background-media":"","overlay-type":"","overlay-color":"","overlay-opacity":"","overlay-gradient":""},"mobile":{"background-color":"","background-image":"","background-repeat":"repeat","background-position":"center center","background-size":"auto","background-attachment":"scroll","background-type":"","background-media":"","overlay-type":"","overlay-color":"","overlay-opacity":"","overlay-gradient":""}},"ast-content-background-meta":{"desktop":{"background-color":"var(--ast-global-color-5)","background-image":"","background-repeat":"repeat","background-position":"center center","background-size":"auto","background-attachment":"scroll","background-type":"","background-media":"","overlay-type":"","overlay-color":"","overlay-opacity":"","overlay-gradient":""},"tablet":{"background-color":"var(--ast-global-color-5)","background-image":"","background-repeat":"repeat","background-position":"center center","background-size":"auto","background-attachment":"scroll","background-type":"","background-media":"","overlay-type":"","overlay-color":"","overlay-opacity":"","overlay-gradient":""},"mobile":{"background-color":"var(--ast-global-color-5)","background-image":"","background-repeat":"repeat","background-position":"center center","background-size":"auto","background-attachment":"scroll","background-type":"","background-media":"","overlay-type":"","overlay-color":"","overlay-opacity":"","overlay-gradient":""}}},"product_cat":[125,191,122,42,265],"product_tag":[],"yoast_head":"<!-- This site is optimized with the Yoast SEO plugin v21.7 - https:\/\/yoast.com\/wordpress\/plugins\/seo\/ -->\n<title>LUNEX DECAP SUPER DEKOLOR (BLAN\u0160) - Flash<\/title>\n<meta name=\"description\" content=\"Jedno pakovanje sadr\u017ei dvije vre\u0107ice od 400g *Cijena na upit | Samo za salonsku upotrebu\" \/>\n<meta name=\"robots\" content=\"index, follow, max-snippet:-1, max-image-preview:large, max-video-preview:-1\" \/>\n<link rel=\"canonical\" href=\"https:\/\/hairbeauty-pro.com\/?product=lunex-decap-super-dekolor-blans\" \/>\n<meta property=\"og:locale\" content=\"bs_BA\" \/>\n<meta property=\"og:type\" content=\"article\" \/>\n<meta property=\"og:title\" content=\"LUNEX DECAP SUPER DEKOLOR (BLAN\u0160) - Flash\" \/>\n<meta property=\"og:description\" content=\"Jedno pakovanje sadr\u017ei dvije vre\u0107ice od 400g *Cijena na upit | Samo za salonsku upotrebu\" \/>\n<meta property=\"og:url\" content=\"https:\/\/hairbeauty-pro.com\/?product=lunex-decap-super-dekolor-blans\" \/>\n<meta property=\"og:site_name\" content=\"Flash\" \/>\n<meta property=\"article:modified_time\" content=\"2023-12-07T12:15:56+00:00\" \/>\n<meta property=\"og:image\" content=\"https:\/\/hairbeauty-pro.com\/wp-content\/uploads\/2023\/09\/Lunex-Decap-Super-400-g-NEW-Velian-scaled.jpg\" \/>\n\t<meta property=\"og:image:width\" content=\"2560\" \/>\n\t<meta property=\"og:image:height\" content=\"1707\" \/>\n\t<meta property=\"og:image:type\" content=\"image\/jpeg\" \/>\n<meta name=\"twitter:card\" content=\"summary_large_image\" \/>\n<meta name=\"twitter:label1\" content=\"Est. reading time\" \/>\n\t<meta name=\"twitter:data1\" content=\"1 minuta\" \/>\n<script type=\"application\/ld+json\" class=\"yoast-schema-graph\">{\"@context\":\"https:\/\/schema.org\",\"@graph\":[{\"@type\":\"WebPage\",\"@id\":\"https:\/\/hairbeauty-pro.com\/?product=lunex-decap-super-dekolor-blans\",\"url\":\"https:\/\/hairbeauty-pro.com\/?product=lunex-decap-super-dekolor-blans\",\"name\":\"LUNEX DECAP SUPER DEKOLOR (BLAN\u0160) - Flash\",\"isPartOf\":{\"@id\":\"https:\/\/hairbeauty-pro.com\/#website\"},\"datePublished\":\"2023-09-07T18:45:40+00:00\",\"dateModified\":\"2023-12-07T12:15:56+00:00\",\"description\":\"Jedno pakovanje sadr\u017ei dvije vre\u0107ice od 400g *Cijena na upit | Samo za salonsku upotrebu\",\"breadcrumb\":{\"@id\":\"https:\/\/hairbeauty-pro.com\/?product=lunex-decap-super-dekolor-blans#breadcrumb\"},\"inLanguage\":\"bs-BA\",\"potentialAction\":[{\"@type\":\"ReadAction\",\"target\":[\"https:\/\/hairbeauty-pro.com\/?product=lunex-decap-super-dekolor-blans\"]}]},{\"@type\":\"BreadcrumbList\",\"@id\":\"https:\/\/hairbeauty-pro.com\/?product=lunex-decap-super-dekolor-blans#breadcrumb\",\"itemListElement\":[{\"@type\":\"ListItem\",\"position\":1,\"name\":\"Home\",\"item\":\"https:\/\/hairbeauty-pro.com\/\"},{\"@type\":\"ListItem\",\"position\":2,\"name\":\"Shop\",\"item\":\"https:\/\/hairbeauty-pro.com\/?page_id=11\"},{\"@type\":\"ListItem\",\"position\":3,\"name\":\"LUNEX DECAP SUPER DEKOLOR (BLAN\u0160)\"}]},{\"@type\":\"WebSite\",\"@id\":\"https:\/\/hairbeauty-pro.com\/#website\",\"url\":\"https:\/\/hairbeauty-pro.com\/\",\"name\":\"Flash\",\"description\":\"Va\u0161a ultimativna destinacja za njegu kose\",\"publisher\":{\"@id\":\"https:\/\/hairbeauty-pro.com\/#organization\"},\"potentialAction\":[{\"@type\":\"SearchAction\",\"target\":{\"@type\":\"EntryPoint\",\"urlTemplate\":\"https:\/\/hairbeauty-pro.com\/?s={search_term_string}\"},\"query-input\":\"required name=search_term_string\"}],\"inLanguage\":\"bs-BA\"},{\"@type\":\"Organization\",\"@id\":\"https:\/\/hairbeauty-pro.com\/#organization\",\"name\":\"Flash\",\"url\":\"https:\/\/hairbeauty-pro.com\/\",\"logo\":{\"@type\":\"ImageObject\",\"inLanguage\":\"bs-BA\",\"@id\":\"https:\/\/hairbeauty-pro.com\/#\/schema\/logo\/image\/\",\"url\":\"https:\/\/hairbeauty-pro.com\/wp-content\/uploads\/2023\/07\/cropped-FLASH-LOGO-png.png\",\"contentUrl\":\"https:\/\/hairbeauty-pro.com\/wp-content\/uploads\/2023\/07\/cropped-FLASH-LOGO-png.png\",\"width\":1316,\"height\":521,\"caption\":\"Flash\"},\"image\":{\"@id\":\"https:\/\/hairbeauty-pro.com\/#\/schema\/logo\/image\/\"}}]}<\/script>\n<!-- \/ Yoast SEO plugin. -->","yoast_head_json":{"title":"LUNEX DECAP SUPER DEKOLOR (BLAN\u0160) - Flash","description":"Jedno pakovanje sadr\u017ei dvije vre\u0107ice od 400g *Cijena na upit | Samo za salonsku upotrebu","robots":{"index":"index","follow":"follow","max-snippet":"max-snippet:-1","max-image-preview":"max-image-preview:large","max-video-preview":"max-video-preview:-1"},"canonical":"https:\/\/hairbeauty-pro.com\/?product=lunex-decap-super-dekolor-blans","og_locale":"bs_BA","og_type":"article","og_title":"LUNEX DECAP SUPER DEKOLOR (BLAN\u0160) - Flash","og_description":"Jedno pakovanje sadr\u017ei dvije vre\u0107ice od 400g *Cijena na upit | Samo za salonsku upotrebu","og_url":"https:\/\/hairbeauty-pro.com\/?product=lunex-decap-super-dekolor-blans","og_site_name":"Flash","article_modified_time":"2023-12-07T12:15:56+00:00","og_image":[{"width":2560,"height":1707,"url":"https:\/\/hairbeauty-pro.com\/wp-content\/uploads\/2023\/09\/Lunex-Decap-Super-400-g-NEW-Velian-scaled.jpg","type":"image\/jpeg"}],"twitter_card":"summary_large_image","twitter_misc":{"Est. reading time":"1 minuta"},"schema":{"@context":"https:\/\/schema.org","@graph":[{"@type":"WebPage","@id":"https:\/\/hairbeauty-pro.com\/?product=lunex-decap-super-dekolor-blans","url":"https:\/\/hairbeauty-pro.com\/?product=lunex-decap-super-dekolor-blans","name":"LUNEX DECAP SUPER DEKOLOR (BLAN\u0160) - Flash","isPartOf":{"@id":"https:\/\/hairbeauty-pro.com\/#website"},"datePublished":"2023-09-07T18:45:40+00:00","dateModified":"2023-12-07T12:15:56+00:00","description":"Jedno pakovanje sadr\u017ei dvije vre\u0107ice od 400g *Cijena na upit | Samo za salonsku upotrebu","breadcrumb":{"@id":"https:\/\/hairbeauty-pro.com\/?product=lunex-decap-super-dekolor-blans#breadcrumb"},"inLanguage":"bs-BA","potentialAction":[{"@type":"ReadAction","target":["https:\/\/hairbeauty-pro.com\/?product=lunex-decap-super-dekolor-blans"]}]},{"@type":"BreadcrumbList","@id":"https:\/\/hairbeauty-pro.com\/?product=lunex-decap-super-dekolor-blans#breadcrumb","itemListElement":[{"@type":"ListItem","position":1,"name":"Home","item":"https:\/\/hairbeauty-pro.com\/"},{"@type":"ListItem","position":2,"name":"Shop","item":"https:\/\/hairbeauty-pro.com\/?page_id=11"},{"@type":"ListItem","position":3,"name":"LUNEX DECAP SUPER DEKOLOR (BLAN\u0160)"}]},{"@type":"WebSite","@id":"https:\/\/hairbeauty-pro.com\/#website","url":"https:\/\/hairbeauty-pro.com\/","name":"Flash","description":"Va\u0161a ultimativna destinacja za njegu kose","publisher":{"@id":"https:\/\/hairbeauty-pro.com\/#organization"},"potentialAction":[{"@type":"SearchAction","target":{"@type":"EntryPoint","urlTemplate":"https:\/\/hairbeauty-pro.com\/?s={search_term_string}"},"query-input":"required name=search_term_string"}],"inLanguage":"bs-BA"},{"@type":"Organization","@id":"https:\/\/hairbeauty-pro.com\/#organization","name":"Flash","url":"https:\/\/hairbeauty-pro.com\/","logo":{"@type":"ImageObject","inLanguage":"bs-BA","@id":"https:\/\/hairbeauty-pro.com\/#\/schema\/logo\/image\/","url":"https:\/\/hairbeauty-pro.com\/wp-content\/uploads\/2023\/07\/cropped-FLASH-LOGO-png.png","contentUrl":"https:\/\/hairbeauty-pro.com\/wp-content\/uploads\/2023\/07\/cropped-FLASH-LOGO-png.png","width":1316,"height":521,"caption":"Flash"},"image":{"@id":"https:\/\/hairbeauty-pro.com\/#\/schema\/logo\/image\/"}}]}},"_links":{"self":[{"href":"https:\/\/hairbeauty-pro.com\/index.php?rest_route=\/wp\/v2\/product\/3342"}],"collection":[{"href":"https:\/\/hairbeauty-pro.com\/index.php?rest_route=\/wp\/v2\/product"}],"about":[{"href":"https:\/\/hairbeauty-pro.com\/index.php?rest_route=\/wp\/v2\/types\/product"}],"replies":[{"embeddable":true,"href":"https:\/\/hairbeauty-pro.com\/index.php?rest_route=%2Fwp%2Fv2%2Fcomments&post=3342"}],"wp:featuredmedia":[{"embeddable":true,"href":"https:\/\/hairbeauty-pro.com\/index.php?rest_route=\/wp\/v2\/media\/3343"}],"wp:attachment":[{"href":"https:\/\/hairbeauty-pro.com\/index.php?rest_route=%2Fwp%2Fv2%2Fmedia&parent=3342"}],"wp:term":[{"taxonomy":"product_cat","embeddable":true,"href":"https:\/\/hairbeauty-pro.com\/index.php?rest_route=%2Fwp%2Fv2%2Fproduct_cat&post=3342"},{"taxonomy":"product_tag","embeddable":true,"href":"https:\/\/hairbeauty-pro.com\/index.php?rest_route=%2Fwp%2Fv2%2Fproduct_tag&post=3342"}],"curies":[{"name":"wp","href":"https:\/\/api.w.org\/{rel}","templated":true}]}}