{"id":2627,"date":"2023-07-29T13:53:22","date_gmt":"2023-07-29T13:53:22","guid":{"rendered":"https:\/\/hairbeauty-pro.com\/?post_type=product&#038;p=2627"},"modified":"2023-11-27T14:11:14","modified_gmt":"2023-11-27T14:11:14","slug":"icolori-boja-4-smeda","status":"publish","type":"product","link":"https:\/\/hairbeauty-pro.com\/?product=icolori-boja-4-smeda","title":{"rendered":"iColori boja  4 \u2013 Sme\u0111a"},"content":{"rendered":"<p>iColori krem boja za kosu sa argininom, maslinovim i ricinusovim uljem &#8211; revolucija u bojama za kosu.<\/p>\n<p>Inovativna krem boja za kosu koja pru\u017ea za\u0161titu i dugotrajne rezultate. iColori spektar nijansi uklju\u010duje<\/p>\n<p>i niz korektora, koji obezbje\u0111uju siguran, ujedna\u010den i pouzdan u\u010dinak boja. Specijalna formula je bazirana<\/p>\n<p>tako da \u0161titi kako kosu tako i tjeme prilikom procesa ostavljaju\u0107i kosu blistavom, zdravom i sjajnom. Sve nijanse se mogu kombinovati kako bi se postigao \u0161irok i pun spektar boja.<\/p>\n<p>iColori karakteristike:<\/p>\n<p>&#8211; Povi\u0161ena hidratantna snaga<\/p>\n<p>&#8211; Jedinstvene i dugotrajne boje<\/p>\n<p>&#8211; Boje prirodnog izgleda sa toplim tonovima<\/p>\n<p>&nbsp;<\/p>\n<p><strong>UPOTREBA I VRIJEME DJELOVANJA:<\/strong><\/p>\n<p>&nbsp;<\/p>\n<table>\n<tbody>\n<tr>\n<td><strong><em>Tretman<\/em><\/strong><\/td>\n<td><strong><em>Rezultat<\/em><\/strong><\/td>\n<td><strong><em>Omjer<\/em><\/strong><\/td>\n<td><strong><em>Hidrogen peroksid<\/em><\/strong><\/td>\n<td><strong><em>Vrijeme razvijanja &#8211; min<\/em><\/strong><\/td>\n<td><strong><em>Nivo podizanja<\/em><\/strong><\/td>\n<\/tr>\n<tr>\n<td>Trajna boja<\/td>\n<td>Pokriva 100% sijedih, rezulat dugotrajna boja.<\/td>\n<td>1:1,5<\/td>\n<td>10-20-30<\/p>\n<p>40 Vol.<\/td>\n<td>30'\/40\u2019<\/td>\n<td>1-3<\/td>\n<\/tr>\n<tr>\n<td>Super prosvjetljenje<\/td>\n<td>Rezultati boje se podudaraju sa ciljanom \u00a0bojom.<\/td>\n<td>1 : 2<\/td>\n<td>40 Vol.<\/td>\n<td>40'\/50\u2019<\/td>\n<td>4<\/td>\n<\/tr>\n<tr>\n<td>Ton na ton<\/td>\n<td>Pokriva 70% sijedih. Rezultira kozmeti\u010dkom bojom.<\/td>\n<td>1 : 2<\/td>\n<td>5 Vol.<\/td>\n<td>20'\/25\u2019<\/td>\n<td>\/<\/td>\n<\/tr>\n<tr>\n<td>Osvje\u017eenje boje (color bath)<\/td>\n<td>Prikriva sijede. O\u017eivljava ton i nagla\u0161ava prirodnu boju. Polu kozmeti\u010dko bojenje kose.<\/td>\n<td>1 : 3<\/td>\n<td>5 Vol.<\/td>\n<td>5'\/15\u2019<\/td>\n<td>\/<\/td>\n<\/tr>\n<\/tbody>\n<\/table>\n<p>&nbsp;<\/p>\n","protected":false},"excerpt":{"rendered":"<p>100 ML<\/p>\n","protected":false},"featured_media":2628,"comment_status":"open","ping_status":"closed","template":"","meta":{"site-sidebar-layout":"default","site-content-layout":"default","ast-site-content-layout":"default","site-content-style":"default","site-sidebar-style":"default","ast-global-header-display":"","ast-banner-title-visibility":"","ast-main-header-display":"","ast-hfb-above-header-display":"","ast-hfb-below-header-display":"","ast-hfb-mobile-header-display":"","site-post-title":"","ast-breadcrumbs-content":"","ast-featured-img":"","footer-sml-layout":"","theme-transparent-header-meta":"default","adv-header-id-meta":"","stick-header-meta":"","header-above-stick-meta":"","header-main-stick-meta":"","header-below-stick-meta":"","astra-migrate-meta-layouts":"set","ast-page-background-enabled":"default","ast-page-background-meta":{"desktop":{"background-color":"","background-image":"","background-repeat":"repeat","background-position":"center center","background-size":"auto","background-attachment":"scroll","background-type":"","background-media":"","overlay-type":"","overlay-color":"","overlay-opacity":"","overlay-gradient":""},"tablet":{"background-color":"","background-image":"","background-repeat":"repeat","background-position":"center center","background-size":"auto","background-attachment":"scroll","background-type":"","background-media":"","overlay-type":"","overlay-color":"","overlay-opacity":"","overlay-gradient":""},"mobile":{"background-color":"","background-image":"","background-repeat":"repeat","background-position":"center center","background-size":"auto","background-attachment":"scroll","background-type":"","background-media":"","overlay-type":"","overlay-color":"","overlay-opacity":"","overlay-gradient":""}},"ast-content-background-meta":{"desktop":{"background-color":"var(--ast-global-color-5)","background-image":"","background-repeat":"repeat","background-position":"center center","background-size":"auto","background-attachment":"scroll","background-type":"","background-media":"","overlay-type":"","overlay-color":"","overlay-opacity":"","overlay-gradient":""},"tablet":{"background-color":"var(--ast-global-color-5)","background-image":"","background-repeat":"repeat","background-position":"center center","background-size":"auto","background-attachment":"scroll","background-type":"","background-media":"","overlay-type":"","overlay-color":"","overlay-opacity":"","overlay-gradient":""},"mobile":{"background-color":"var(--ast-global-color-5)","background-image":"","background-repeat":"repeat","background-position":"center center","background-size":"auto","background-attachment":"scroll","background-type":"","background-media":"","overlay-type":"","overlay-color":"","overlay-opacity":"","overlay-gradient":""}}},"product_cat":[192,92,81,191,93,255,44],"product_tag":[],"yoast_head":"<!-- This site is optimized with the Yoast SEO plugin v21.7 - https:\/\/yoast.com\/wordpress\/plugins\/seo\/ -->\n<title>iColori boja 4 \u2013 Sme\u0111a - Flash<\/title>\n<meta name=\"description\" content=\"100 ML\" \/>\n<meta name=\"robots\" content=\"index, follow, max-snippet:-1, max-image-preview:large, max-video-preview:-1\" \/>\n<link rel=\"canonical\" href=\"https:\/\/hairbeauty-pro.com\/?product=icolori-boja-4-smeda\" \/>\n<meta property=\"og:locale\" content=\"bs_BA\" \/>\n<meta property=\"og:type\" content=\"article\" \/>\n<meta property=\"og:title\" content=\"iColori boja 4 \u2013 Sme\u0111a - Flash\" \/>\n<meta property=\"og:description\" content=\"100 ML\" \/>\n<meta property=\"og:url\" content=\"https:\/\/hairbeauty-pro.com\/?product=icolori-boja-4-smeda\" \/>\n<meta property=\"og:site_name\" content=\"Flash\" \/>\n<meta property=\"article:modified_time\" content=\"2023-11-27T14:11:14+00:00\" \/>\n<meta property=\"og:image\" content=\"https:\/\/hairbeauty-pro.com\/wp-content\/uploads\/2023\/07\/iColori-4.jpg\" \/>\n\t<meta property=\"og:image:width\" content=\"800\" \/>\n\t<meta property=\"og:image:height\" content=\"1000\" \/>\n\t<meta property=\"og:image:type\" content=\"image\/jpeg\" \/>\n<meta name=\"twitter:card\" content=\"summary_large_image\" \/>\n<meta name=\"twitter:label1\" content=\"Est. reading time\" \/>\n\t<meta name=\"twitter:data1\" content=\"1 minuta\" \/>\n<script type=\"application\/ld+json\" class=\"yoast-schema-graph\">{\"@context\":\"https:\/\/schema.org\",\"@graph\":[{\"@type\":\"WebPage\",\"@id\":\"https:\/\/hairbeauty-pro.com\/?product=icolori-boja-4-smeda\",\"url\":\"https:\/\/hairbeauty-pro.com\/?product=icolori-boja-4-smeda\",\"name\":\"iColori boja 4 \u2013 Sme\u0111a - Flash\",\"isPartOf\":{\"@id\":\"https:\/\/hairbeauty-pro.com\/#website\"},\"datePublished\":\"2023-07-29T13:53:22+00:00\",\"dateModified\":\"2023-11-27T14:11:14+00:00\",\"description\":\"100 ML\",\"breadcrumb\":{\"@id\":\"https:\/\/hairbeauty-pro.com\/?product=icolori-boja-4-smeda#breadcrumb\"},\"inLanguage\":\"bs-BA\",\"potentialAction\":[{\"@type\":\"ReadAction\",\"target\":[\"https:\/\/hairbeauty-pro.com\/?product=icolori-boja-4-smeda\"]}]},{\"@type\":\"BreadcrumbList\",\"@id\":\"https:\/\/hairbeauty-pro.com\/?product=icolori-boja-4-smeda#breadcrumb\",\"itemListElement\":[{\"@type\":\"ListItem\",\"position\":1,\"name\":\"Home\",\"item\":\"https:\/\/hairbeauty-pro.com\/\"},{\"@type\":\"ListItem\",\"position\":2,\"name\":\"Shop\",\"item\":\"https:\/\/hairbeauty-pro.com\/?page_id=11\"},{\"@type\":\"ListItem\",\"position\":3,\"name\":\"iColori boja 4 \u2013 Sme\u0111a\"}]},{\"@type\":\"WebSite\",\"@id\":\"https:\/\/hairbeauty-pro.com\/#website\",\"url\":\"https:\/\/hairbeauty-pro.com\/\",\"name\":\"Flash\",\"description\":\"Va\u0161a ultimativna destinacja za njegu kose\",\"publisher\":{\"@id\":\"https:\/\/hairbeauty-pro.com\/#organization\"},\"potentialAction\":[{\"@type\":\"SearchAction\",\"target\":{\"@type\":\"EntryPoint\",\"urlTemplate\":\"https:\/\/hairbeauty-pro.com\/?s={search_term_string}\"},\"query-input\":\"required name=search_term_string\"}],\"inLanguage\":\"bs-BA\"},{\"@type\":\"Organization\",\"@id\":\"https:\/\/hairbeauty-pro.com\/#organization\",\"name\":\"Flash\",\"url\":\"https:\/\/hairbeauty-pro.com\/\",\"logo\":{\"@type\":\"ImageObject\",\"inLanguage\":\"bs-BA\",\"@id\":\"https:\/\/hairbeauty-pro.com\/#\/schema\/logo\/image\/\",\"url\":\"https:\/\/hairbeauty-pro.com\/wp-content\/uploads\/2023\/07\/cropped-FLASH-LOGO-png.png\",\"contentUrl\":\"https:\/\/hairbeauty-pro.com\/wp-content\/uploads\/2023\/07\/cropped-FLASH-LOGO-png.png\",\"width\":1316,\"height\":521,\"caption\":\"Flash\"},\"image\":{\"@id\":\"https:\/\/hairbeauty-pro.com\/#\/schema\/logo\/image\/\"}}]}<\/script>\n<!-- \/ Yoast SEO plugin. -->","yoast_head_json":{"title":"iColori boja 4 \u2013 Sme\u0111a - Flash","description":"100 ML","robots":{"index":"index","follow":"follow","max-snippet":"max-snippet:-1","max-image-preview":"max-image-preview:large","max-video-preview":"max-video-preview:-1"},"canonical":"https:\/\/hairbeauty-pro.com\/?product=icolori-boja-4-smeda","og_locale":"bs_BA","og_type":"article","og_title":"iColori boja 4 \u2013 Sme\u0111a - Flash","og_description":"100 ML","og_url":"https:\/\/hairbeauty-pro.com\/?product=icolori-boja-4-smeda","og_site_name":"Flash","article_modified_time":"2023-11-27T14:11:14+00:00","og_image":[{"width":800,"height":1000,"url":"https:\/\/hairbeauty-pro.com\/wp-content\/uploads\/2023\/07\/iColori-4.jpg","type":"image\/jpeg"}],"twitter_card":"summary_large_image","twitter_misc":{"Est. reading time":"1 minuta"},"schema":{"@context":"https:\/\/schema.org","@graph":[{"@type":"WebPage","@id":"https:\/\/hairbeauty-pro.com\/?product=icolori-boja-4-smeda","url":"https:\/\/hairbeauty-pro.com\/?product=icolori-boja-4-smeda","name":"iColori boja 4 \u2013 Sme\u0111a - Flash","isPartOf":{"@id":"https:\/\/hairbeauty-pro.com\/#website"},"datePublished":"2023-07-29T13:53:22+00:00","dateModified":"2023-11-27T14:11:14+00:00","description":"100 ML","breadcrumb":{"@id":"https:\/\/hairbeauty-pro.com\/?product=icolori-boja-4-smeda#breadcrumb"},"inLanguage":"bs-BA","potentialAction":[{"@type":"ReadAction","target":["https:\/\/hairbeauty-pro.com\/?product=icolori-boja-4-smeda"]}]},{"@type":"BreadcrumbList","@id":"https:\/\/hairbeauty-pro.com\/?product=icolori-boja-4-smeda#breadcrumb","itemListElement":[{"@type":"ListItem","position":1,"name":"Home","item":"https:\/\/hairbeauty-pro.com\/"},{"@type":"ListItem","position":2,"name":"Shop","item":"https:\/\/hairbeauty-pro.com\/?page_id=11"},{"@type":"ListItem","position":3,"name":"iColori boja 4 \u2013 Sme\u0111a"}]},{"@type":"WebSite","@id":"https:\/\/hairbeauty-pro.com\/#website","url":"https:\/\/hairbeauty-pro.com\/","name":"Flash","description":"Va\u0161a ultimativna destinacja za njegu kose","publisher":{"@id":"https:\/\/hairbeauty-pro.com\/#organization"},"potentialAction":[{"@type":"SearchAction","target":{"@type":"EntryPoint","urlTemplate":"https:\/\/hairbeauty-pro.com\/?s={search_term_string}"},"query-input":"required name=search_term_string"}],"inLanguage":"bs-BA"},{"@type":"Organization","@id":"https:\/\/hairbeauty-pro.com\/#organization","name":"Flash","url":"https:\/\/hairbeauty-pro.com\/","logo":{"@type":"ImageObject","inLanguage":"bs-BA","@id":"https:\/\/hairbeauty-pro.com\/#\/schema\/logo\/image\/","url":"https:\/\/hairbeauty-pro.com\/wp-content\/uploads\/2023\/07\/cropped-FLASH-LOGO-png.png","contentUrl":"https:\/\/hairbeauty-pro.com\/wp-content\/uploads\/2023\/07\/cropped-FLASH-LOGO-png.png","width":1316,"height":521,"caption":"Flash"},"image":{"@id":"https:\/\/hairbeauty-pro.com\/#\/schema\/logo\/image\/"}}]}},"_links":{"self":[{"href":"https:\/\/hairbeauty-pro.com\/index.php?rest_route=\/wp\/v2\/product\/2627"}],"collection":[{"href":"https:\/\/hairbeauty-pro.com\/index.php?rest_route=\/wp\/v2\/product"}],"about":[{"href":"https:\/\/hairbeauty-pro.com\/index.php?rest_route=\/wp\/v2\/types\/product"}],"replies":[{"embeddable":true,"href":"https:\/\/hairbeauty-pro.com\/index.php?rest_route=%2Fwp%2Fv2%2Fcomments&post=2627"}],"wp:featuredmedia":[{"embeddable":true,"href":"https:\/\/hairbeauty-pro.com\/index.php?rest_route=\/wp\/v2\/media\/2628"}],"wp:attachment":[{"href":"https:\/\/hairbeauty-pro.com\/index.php?rest_route=%2Fwp%2Fv2%2Fmedia&parent=2627"}],"wp:term":[{"taxonomy":"product_cat","embeddable":true,"href":"https:\/\/hairbeauty-pro.com\/index.php?rest_route=%2Fwp%2Fv2%2Fproduct_cat&post=2627"},{"taxonomy":"product_tag","embeddable":true,"href":"https:\/\/hairbeauty-pro.com\/index.php?rest_route=%2Fwp%2Fv2%2Fproduct_tag&post=2627"}],"curies":[{"name":"wp","href":"https:\/\/api.w.org\/{rel}","templated":true}]}}