{"id":1733,"date":"2023-07-01T18:06:26","date_gmt":"2023-07-01T18:06:26","guid":{"rendered":"https:\/\/hairbeauty-pro.com\/?page_id=1733"},"modified":"2023-12-14T10:57:02","modified_gmt":"2023-12-14T10:57:02","slug":"zastita-podataka","status":"publish","type":"page","link":"https:\/\/hairbeauty-pro.com\/?page_id=1733","title":{"rendered":"ZASTITA PODATAKA"},"content":{"rendered":"\t\t<div data-elementor-type=\"wp-page\" data-elementor-id=\"1733\" class=\"elementor elementor-1733\" data-elementor-post-type=\"page\">\n\t\t\t\t\t\t<section class=\"elementor-section elementor-top-section elementor-element elementor-element-0401cb9 elementor-section-boxed elementor-section-height-default elementor-section-height-default\" data-id=\"0401cb9\" data-element_type=\"section\">\n\t\t\t\t\t\t<div class=\"elementor-container elementor-column-gap-default\">\n\t\t\t\t\t<div class=\"elementor-column elementor-col-100 elementor-top-column elementor-element elementor-element-678bcc3\" data-id=\"678bcc3\" data-element_type=\"column\">\n\t\t\t<div class=\"elementor-widget-wrap elementor-element-populated\">\n\t\t\t\t\t\t<div class=\"elementor-element elementor-element-5a8d489 elementor-widget elementor-widget-spacer\" data-id=\"5a8d489\" data-element_type=\"widget\" data-widget_type=\"spacer.default\">\n\t\t\t\t<div class=\"elementor-widget-container\">\n\t\t\t\t\t\t\t<div class=\"elementor-spacer\">\n\t\t\t<div class=\"elementor-spacer-inner\"><\/div>\n\t\t<\/div>\n\t\t\t\t\t\t<\/div>\n\t\t\t\t<\/div>\n\t\t\t\t<div class=\"elementor-element elementor-element-fd51ecb elementor-widget elementor-widget-heading\" data-id=\"fd51ecb\" data-element_type=\"widget\" data-widget_type=\"heading.default\">\n\t\t\t\t<div class=\"elementor-widget-container\">\n\t\t\t\t\t<h4 class=\"elementor-heading-title elementor-size-default\"> SIGURNOST PLA\u0106ANJA KREDITNIM KARTICAMA<\/h4>\t\t\t\t<\/div>\n\t\t\t\t<\/div>\n\t\t\t\t<div class=\"elementor-element elementor-element-29a9682 elementor-widget elementor-widget-text-editor\" data-id=\"29a9682\" data-element_type=\"widget\" data-widget_type=\"text-editor.default\">\n\t\t\t\t<div class=\"elementor-widget-container\">\n\t\t\t\t\t\t\t\t\t<p>Tajnost Va\u0161ih podataka je za\u0161ti\u0107ena i osigurana kori\u0161tenjem posljednje verzije TLS enkripcije. Stranice za naplatu<br>putem interneta osigurane su kori\u0161tenjem Secure Socket Layer (SSL) protokola sa 128-bitnom enkripcijom<br>podataka. SSL enkripcija je postupak \u0161ifriranja podataka radi sprje\u010davanja neovla\u0161tenog pristupa prilikom<br>njihovog prijenosa.<br>Time je omogu\u0107en siguran prijenos informacija te onemogu\u0107en nedozvoljen pristup podacima prilikom<br>komunikacije izme\u0111u korisnikovog ra\u010dunara i WebPay servisa, te obratno.<br>WebPay servis i finansijske ustanove razmjenjuju podatke upotrebom virtualne privatne mre\u017ee (VPN), koja je<br>za\u0161ti\u0107ena od neautoriziranog pristupa.<br>Monri Payment Gateway je certificiran prema PCI DSS Level 1 sigurnosnom standardu propisanom Visa i<br>Mastercard\u00ae pravilima.<\/p>\n<p>Va\u0161e transakcije su sigurne Visa pla\u0107anjem, Mastercard\u00ae Identity Check\u2122, Diners &#8211; Sigurna on-line kupovina, Monri Payment Service Provider (PSP).<br>Trgovac ne pohranjuje brojeve kreditnih kartica i brojevi nisu dostupni neovla\u0161tenim osobama.<\/p>\t\t\t\t\t\t\t\t<\/div>\n\t\t\t\t<\/div>\n\t\t\t\t<div class=\"elementor-element elementor-element-ffc5aed elementor-widget elementor-widget-image\" data-id=\"ffc5aed\" data-element_type=\"widget\" data-widget_type=\"image.default\">\n\t\t\t\t<div class=\"elementor-widget-container\">\n\t\t\t\t\t\t\t\t\t\t\t\t\t\t\t\t<a href=\"https:\/\/monri.com\/\">\n\t\t\t\t\t\t\t<img fetchpriority=\"high\" decoding=\"async\" width=\"1024\" height=\"577\" src=\"https:\/\/hairbeauty-pro.com\/wp-content\/uploads\/2023\/11\/Copy-of-Flash-Logotipi-placanje-1.png\" class=\"attachment-large size-large wp-image-4828\" alt=\"\" \/>\t\t\t\t\t\t\t\t<\/a>\n\t\t\t\t\t\t\t\t\t\t\t\t\t\t\t<\/div>\n\t\t\t\t<\/div>\n\t\t\t\t<div class=\"elementor-element elementor-element-733d835 elementor-widget elementor-widget-heading\" data-id=\"733d835\" data-element_type=\"widget\" data-widget_type=\"heading.default\">\n\t\t\t\t<div class=\"elementor-widget-container\">\n\t\t\t\t\t<h4 class=\"elementor-heading-title elementor-size-default\"> IZJAVA O PRIVATNOSTI<\/h4>\t\t\t\t<\/div>\n\t\t\t\t<\/div>\n\t\t\t\t<div class=\"elementor-element elementor-element-bf76573 elementor-widget elementor-widget-text-editor\" data-id=\"bf76573\" data-element_type=\"widget\" data-widget_type=\"text-editor.default\">\n\t\t\t\t<div class=\"elementor-widget-container\">\n\t\t\t\t\t\t\t\t\t<p>Obavezujemo se pru\u017eati za\u0161titu li\u010dnim podacima kupaca, na na\u010din da prikupljamo samo nu\u017ene, osnovne<br \/>podatke o kupcima \/ korisnicima koji su nu\u017eniza ispunjenje na\u0161ih obveza; informi\u0161emo kupce o na\u010dinu kori\u0161tenja<br \/>prikupljenih podataka, redovno dajemo kupcima mogu\u0107nost izbora o upotrebi njihovih podataka, uklju\u010duju\u0107i<br \/>mogu\u0107nost odluke \u017eele li ili ne da se njihovo ime ukloni sa lista koje se koriste za marketin\u0161ke kampanje.<br \/>Svi se podaci o korisnicima strogo \u010duvaju i dostupni su samo zaposlenima kojima su ti podaci nu\u017eni za obavljanje<br \/>posla. Svi na\u0161i zaposleni i poslovni partneri odgovorni su za po\u0161tovanje na\u010dela za\u0161tite privatnosti.<\/p>\t\t\t\t\t\t\t\t<\/div>\n\t\t\t\t<\/div>\n\t\t\t\t<div class=\"elementor-element elementor-element-dee3688 elementor-widget elementor-widget-heading\" data-id=\"dee3688\" data-element_type=\"widget\" id=\"uslovi-kupovine\" data-widget_type=\"heading.default\">\n\t\t\t\t<div class=\"elementor-widget-container\">\n\t\t\t\t\t<h4 class=\"elementor-heading-title elementor-size-default\">USLOVI KUPOVINE<\/h4>\t\t\t\t<\/div>\n\t\t\t\t<\/div>\n\t\t\t\t<div class=\"elementor-element elementor-element-16131ad elementor-widget elementor-widget-text-editor\" data-id=\"16131ad\" data-element_type=\"widget\" data-widget_type=\"text-editor.default\">\n\t\t\t\t<div class=\"elementor-widget-container\">\n\t\t\t\t\t\t\t\t\t<p>Ovim se uslovima utvr\u0111uje postupak naru\u010divanja, pla\u0107anja, isporuke te reklamacija proizvoda koji su ponu\u0111eni<br \/>na ovoj stranici. Hairbeauty-pro.com Internet stranica mo\u017ee se koristiti za Va\u0161u privatnu upotrebu bez ikakvih naknada<br \/>za kori\u0161tenje, a prema sljede\u0107im uslovima i pravilima.<br \/>Prodavac je Flash d.o.o., a kupac je posjetitelj ovih stranica koji popuni elektronsku narud\u017ebu, po\u0161alje je<br \/>prodavcu te izvr\u0161i pla\u0107anje putem kreditnih kartica ili pouze\u0107em.<\/p>\t\t\t\t\t\t\t\t<\/div>\n\t\t\t\t<\/div>\n\t\t\t\t<div class=\"elementor-element elementor-element-90ac227 elementor-widget elementor-widget-heading\" data-id=\"90ac227\" data-element_type=\"widget\" data-widget_type=\"heading.default\">\n\t\t\t\t<div class=\"elementor-widget-container\">\n\t\t\t\t\t<h4 class=\"elementor-heading-title elementor-size-default\">NARU\u010cIVANJE<\/h4>\t\t\t\t<\/div>\n\t\t\t\t<\/div>\n\t\t\t\t<div class=\"elementor-element elementor-element-5e525a5 elementor-widget elementor-widget-text-editor\" data-id=\"5e525a5\" data-element_type=\"widget\" data-widget_type=\"text-editor.default\">\n\t\t\t\t<div class=\"elementor-widget-container\">\n\t\t\t\t\t\t\t\t\t<p>Kupac naru\u010duje proizvod ili proizvode putem elektronskog obrasca narud\u017ebe. Kupcem se smatra svaka osoba koja elektronski naru\u010di barem jedan proizvod, popuni tra\u017eene podatke i po\u0161alje narud\u017ebu. Sve cijene izra\u017eene su u konvertibilnim markama, (bam) sa uklju\u010denim PDV-om. Roba se naru\u010duje elektronskim putem, pritiskom na odre\u0111eni proizvod te spremanjem istog u ko\u0161aricu. Roba se smatra naru\u010denom u trenutku kada kupac odabere te potvrdi na\u010din pla\u0107anja.<\/p>\t\t\t\t\t\t\t\t<\/div>\n\t\t\t\t<\/div>\n\t\t\t\t<div class=\"elementor-element elementor-element-c7545e1 elementor-widget elementor-widget-heading\" data-id=\"c7545e1\" data-element_type=\"widget\" id=\"nacin-placanja\" data-widget_type=\"heading.default\">\n\t\t\t\t<div class=\"elementor-widget-container\">\n\t\t\t\t\t<h4 class=\"elementor-heading-title elementor-size-default\">NA\u010cIN PLA\u0106ANJA<\/h4>\t\t\t\t<\/div>\n\t\t\t\t<\/div>\n\t\t\t\t<div class=\"elementor-element elementor-element-b10b72e elementor-widget elementor-widget-text-editor\" data-id=\"b10b72e\" data-element_type=\"widget\" data-widget_type=\"text-editor.default\">\n\t\t\t\t<div class=\"elementor-widget-container\">\n\t\t\t\t\t\t\t\t\t<p>Naru\u010deni proizvodi ili usluge pla\u0107aju se pouze\u0107em ili online jednom od kreditnih kartica: Mastercard\u00ae i Maestro\u00ae ili\u00a0<span style=\"font-style: inherit; font-weight: inherit; color: var(--ast-global-color-3); letter-spacing: 1.8px;\">Visa.<\/span><\/p>\t\t\t\t\t\t\t\t<\/div>\n\t\t\t\t<\/div>\n\t\t\t\t<div class=\"elementor-element elementor-element-67b7bbb elementor-widget elementor-widget-heading\" data-id=\"67b7bbb\" data-element_type=\"widget\" id=\"dostava-isporuka\" data-widget_type=\"heading.default\">\n\t\t\t\t<div class=\"elementor-widget-container\">\n\t\t\t\t\t<h4 class=\"elementor-heading-title elementor-size-default\">DOSTAVA I ISPORUKA<\/h4>\t\t\t\t<\/div>\n\t\t\t\t<\/div>\n\t\t\t\t<div class=\"elementor-element elementor-element-8da751c elementor-widget elementor-widget-text-editor\" data-id=\"8da751c\" data-element_type=\"widget\" data-widget_type=\"text-editor.default\">\n\t\t\t\t<div class=\"elementor-widget-container\">\n\t\t\t\t\t\t\t\t\t<p>Svi proizvodi dostavljaju se samo unutar teritorije Bosne i Hercegovine. Naru\u010deni proizvodi pakuju se na na\u010din da tokom uobi\u010dajene procedure ne budu o\u0161te\u0107eni. Prilikom<br \/>preuzimanja kupac je du\u017ean provjeriti stanje po\u0161iljke te u slu\u010daju o\u0161te\u0107enja odmah reklamirati proizvod<br \/>dostavlja\u010du (zaposlenom firme koja vr\u0161i dostavu). Prodavac se odri\u010de svake odgovornosti u vezi o\u0161te\u0107enja koja<br \/>mogu nastati prilikom dostave.<br \/>Ako kupac ne primi robu, ili obavijest o isporuci, nakon \u0161to je poslana, u o\u010dekivanom vremenu, kupac ima pravo<br \/>o tome obavijestiti prodavca kako bi se poduzele radnje pronalaska po\u0161iljke ili kako bi se poslala zamjenska<br \/>po\u0161iljka.<br \/>Ako kupac odbije primiti robu koju je naru\u010dio od prodavca ima pravo tra\u017eiti od kupca nadoknadu svih tro\u0161kova<br \/>koji su vezani za isporuku.<br \/>Prodavac se obvezuje poslati po\u0161iljku kupcu onoga trenutka kada zaprimi potvrdu kojom se odobrava online<br \/>transakcija. Nakon zaprimanja te potvrde prodavac se obvezuje poslati po\u0161iljku u roku do 3 (tri) radna dana.<\/p><p>Vrijeme isporuke se mo\u017ee produ\u017eiti u slu\u010daju velikog broja narud\u017ebi ili\u00a0<span style=\"font-style: inherit; font-weight: inherit; color: var(--ast-global-color-3); letter-spacing: 1.8px;\">zbog neradnih dana. Narud\u017ebe zaprimljene na neradne dane \u0107e biti poslane prvi radni dan poslije toga.<\/span><\/p><p>Nakon \u0161to dostavlja\u010d (firma koja vr\u0161i dostavu) zaprimi po\u0161iljku od strane prodavca, prodavac vi\u0161e nije<br \/>odgovoran za daljnji tok isporuke i eventualna ka\u0161njenja te probleme koji mogu nastati u vezi daljnje procedure<br \/>i isporuke robe.<\/p>\t\t\t\t\t\t\t\t<\/div>\n\t\t\t\t<\/div>\n\t\t\t\t<div class=\"elementor-element elementor-element-124c377 elementor-widget elementor-widget-heading\" data-id=\"124c377\" data-element_type=\"widget\" id=\"povrat-reklamacija\" data-widget_type=\"heading.default\">\n\t\t\t\t<div class=\"elementor-widget-container\">\n\t\t\t\t\t<h4 class=\"elementor-heading-title elementor-size-default\">POVRAT I REKLAMACIJE <\/h4>\t\t\t\t<\/div>\n\t\t\t\t<\/div>\n\t\t\t\t<div class=\"elementor-element elementor-element-838446d elementor-widget elementor-widget-text-editor\" data-id=\"838446d\" data-element_type=\"widget\" data-widget_type=\"text-editor.default\">\n\t\t\t\t<div class=\"elementor-widget-container\">\n\t\t\t\t\t\t\t\t\t<p>Prodavac se obvezuje isporu\u010diti proizvod koji je tehni\u010dki ispravan te odgovara opisu proizvoda navedenom na<br \/>www.hairbeauty-pro.com. Slika koja ilustrira proizvod na Internet stranici ne mora odgovarati stvarnom izgledu proizvoda te kupac ne mo\u017ee reklamirati ovaj segment.<br \/>U slu\u010daju tehni\u010dke neispravnosti, kupac je du\u017ean reklamirati proizvod u roku od 4 (\u010detiri)<br \/>radna dana. Nakon \u0161to reklamira tehni\u010dku neispravnost kupac je du\u017ean po\u0161tom, uz dostavnicu, vratiti <br \/>tehni\u010dki neispravan proizvod nakon \u010dega \u0107e prodavac u roku od 3(tri) radna dana poslati kupcu<br \/>zamjenski proizvod, bez ikakve naknade. U slu\u010daju gore navedenog kupac nema pravo tra\u017eiti povrat novca, ve\u0107<br \/>isklju\u010divo zamjenski proizvod.<br \/>Prodavac nije odgovoran za eventualna o\u0161te\u0107enja i ostale obveze koje se nalaze u domeni dostavlja\u010da (firma<br \/>koja obavlja poslove dostave proizvoda).<\/p>\t\t\t\t\t\t\t\t<\/div>\n\t\t\t\t<\/div>\n\t\t\t\t<div class=\"elementor-element elementor-element-982b6dc elementor-widget elementor-widget-heading\" data-id=\"982b6dc\" data-element_type=\"widget\" data-widget_type=\"heading.default\">\n\t\t\t\t<div class=\"elementor-widget-container\">\n\t\t\t\t\t<h4 class=\"elementor-heading-title elementor-size-default\">UOP\u0160TENO<\/h4>\t\t\t\t<\/div>\n\t\t\t\t<\/div>\n\t\t\t\t<div class=\"elementor-element elementor-element-ef49efe elementor-widget elementor-widget-text-editor\" data-id=\"ef49efe\" data-element_type=\"widget\" data-widget_type=\"text-editor.default\">\n\t\t\t\t<div class=\"elementor-widget-container\">\n\t\t\t\t\t\t\t\t\t<p>Flash d.o.o. zadr\u017eava pravo na izmjenu ovih uslova i pravila. Sve promjene primjeni\u0107e se na kori\u0161tenje<br>hairbeauty-pro.com stranice. Kupac snosi odgovornost za ta\u010dnost i potpunost unesenih podataka prilikom kupovine.<br>Usluge koje Vam pru\u017ea&nbsp;<span style=\"letter-spacing: 1.8px;\">hairbeauty-pro.com<\/span>&nbsp;internet prodavnica ne uklju\u010duje tro\u0161kove koje snosite koriste\u0107i ra\u010dunalnu opremu i usluge za pristup na\u0161oj stranici. Flash d.o.o. nije odgovorna za tro\u0161kove telefona, internet prometa ili bilo koje druge tro\u0161kove do kojih mo\u017ee do\u0107i.<br>Iako Vam Flash d.o.o. nastoji dati najbolju mogu\u0107u ponudu usluga,&nbsp;<span style=\"letter-spacing: 1.8px;\">Flash&nbsp;<\/span>d.o.o. ne mo\u017ee garantovati da \u0107e<br>usluge na&nbsp;<span style=\"letter-spacing: 1.8px;\">hairbeauty-pro.com<\/span>&nbsp;odgovarati Va\u0161im potrebama.<br><span style=\"letter-spacing: 1.8px;\">Flash&nbsp;<\/span>d.o.o. tako\u0111e ne mo\u017ee garantovati da \u0107e usluga biti bez gre\u0161aka. Ukoliko do\u0111e do pogre\u0161ke, molimo<br>Vas da je prijavite na\u0161em kontakt centru ili na e-mail flash@teol.net kako bismo je otklonili na najbr\u017ei mogu\u0107i<br>na\u010din.<\/p>\t\t\t\t\t\t\t\t<\/div>\n\t\t\t\t<\/div>\n\t\t\t\t\t<\/div>\n\t\t<\/div>\n\t\t\t\t\t<\/div>\n\t\t<\/section>\n\t\t\t\t<\/div>\n\t\t","protected":false},"excerpt":{"rendered":"<p>SIGURNOST PLA\u0106ANJA KREDITNIM KARTICAMA Tajnost Va\u0161ih podataka je za\u0161ti\u0107ena i osigurana kori\u0161tenjem posljednje verzije TLS enkripcije. Stranice za naplatuputem interneta osigurane su kori\u0161tenjem Secure Socket Layer (SSL) protokola sa 128-bitnom enkripcijompodataka. SSL enkripcija je postupak \u0161ifriranja podataka radi sprje\u010davanja neovla\u0161tenog pristupa prilikomnjihovog prijenosa.Time je omogu\u0107en siguran prijenos informacija te onemogu\u0107en nedozvoljen pristup podacima prilikomkomunikacije izme\u0111u [&hellip;]<\/p>\n","protected":false},"author":1,"featured_media":0,"parent":0,"menu_order":0,"comment_status":"closed","ping_status":"closed","template":"","meta":{"site-sidebar-layout":"no-sidebar","site-content-layout":"page-builder","ast-site-content-layout":"full-width-container","site-content-style":"unboxed","site-sidebar-style":"unboxed","ast-global-header-display":"","ast-banner-title-visibility":"","ast-main-header-display":"","ast-hfb-above-header-display":"","ast-hfb-below-header-display":"","ast-hfb-mobile-header-display":"","site-post-title":"disabled","ast-breadcrumbs-content":"","ast-featured-img":"disabled","footer-sml-layout":"","theme-transparent-header-meta":"","adv-header-id-meta":"","stick-header-meta":"","header-above-stick-meta":"","header-main-stick-meta":"","header-below-stick-meta":"","astra-migrate-meta-layouts":"set","ast-page-background-enabled":"default","ast-page-background-meta":{"desktop":{"background-color":"","background-image":"","background-repeat":"repeat","background-position":"center center","background-size":"auto","background-attachment":"scroll","background-type":"","background-media":"","overlay-type":"","overlay-color":"","overlay-opacity":"","overlay-gradient":""},"tablet":{"background-color":"","background-image":"","background-repeat":"repeat","background-position":"center center","background-size":"auto","background-attachment":"scroll","background-type":"","background-media":"","overlay-type":"","overlay-color":"","overlay-opacity":"","overlay-gradient":""},"mobile":{"background-color":"","background-image":"","background-repeat":"repeat","background-position":"center center","background-size":"auto","background-attachment":"scroll","background-type":"","background-media":"","overlay-type":"","overlay-color":"","overlay-opacity":"","overlay-gradient":""}},"ast-content-background-meta":{"desktop":{"background-color":"var(--ast-global-color-5)","background-image":"","background-repeat":"repeat","background-position":"center center","background-size":"auto","background-attachment":"scroll","background-type":"","background-media":"","overlay-type":"","overlay-color":"","overlay-opacity":"","overlay-gradient":""},"tablet":{"background-color":"var(--ast-global-color-5)","background-image":"","background-repeat":"repeat","background-position":"center center","background-size":"auto","background-attachment":"scroll","background-type":"","background-media":"","overlay-type":"","overlay-color":"","overlay-opacity":"","overlay-gradient":""},"mobile":{"background-color":"var(--ast-global-color-5)","background-image":"","background-repeat":"repeat","background-position":"center center","background-size":"auto","background-attachment":"scroll","background-type":"","background-media":"","overlay-type":"","overlay-color":"","overlay-opacity":"","overlay-gradient":""}},"footnotes":""},"yoast_head":"<!-- This site is optimized with the Yoast SEO plugin v21.7 - https:\/\/yoast.com\/wordpress\/plugins\/seo\/ -->\n<title>ZASTITA PODATAKA - Flash<\/title>\n<meta name=\"description\" content=\"SIGURNOST PLA\u0106ANJA KREDITNIM KARTICAMA Tajnost Va\u0161ih podataka je za\u0161ti\u0107ena i osigurana kori\u0161tenjem posljednje verzije TLS enkripcije. Stranice za\" \/>\n<meta name=\"robots\" content=\"index, follow, max-snippet:-1, max-image-preview:large, max-video-preview:-1\" \/>\n<link rel=\"canonical\" href=\"https:\/\/hairbeauty-pro.com\/?page_id=1733\" \/>\n<meta property=\"og:locale\" content=\"bs_BA\" \/>\n<meta property=\"og:type\" content=\"article\" \/>\n<meta property=\"og:title\" content=\"ZASTITA PODATAKA - Flash\" \/>\n<meta property=\"og:description\" content=\"SIGURNOST PLA\u0106ANJA KREDITNIM KARTICAMA Tajnost Va\u0161ih podataka je za\u0161ti\u0107ena i osigurana kori\u0161tenjem posljednje verzije TLS enkripcije. Stranice za\" \/>\n<meta property=\"og:url\" content=\"https:\/\/hairbeauty-pro.com\/?page_id=1733\" \/>\n<meta property=\"og:site_name\" content=\"Flash\" \/>\n<meta property=\"article:modified_time\" content=\"2023-12-14T10:57:02+00:00\" \/>\n<meta property=\"og:image\" content=\"http:\/\/hairbeauty-pro.com\/wp-content\/uploads\/2023\/11\/Copy-of-Flash-Logotipi-placanje-1.png\" \/>\n<meta name=\"twitter:card\" content=\"summary_large_image\" \/>\n<meta name=\"twitter:label1\" content=\"Est. reading time\" \/>\n\t<meta name=\"twitter:data1\" content=\"5 minuta\" \/>\n<script type=\"application\/ld+json\" class=\"yoast-schema-graph\">{\"@context\":\"https:\/\/schema.org\",\"@graph\":[{\"@type\":\"WebPage\",\"@id\":\"https:\/\/hairbeauty-pro.com\/?page_id=1733\",\"url\":\"https:\/\/hairbeauty-pro.com\/?page_id=1733\",\"name\":\"ZASTITA PODATAKA - Flash\",\"isPartOf\":{\"@id\":\"https:\/\/hairbeauty-pro.com\/#website\"},\"datePublished\":\"2023-07-01T18:06:26+00:00\",\"dateModified\":\"2023-12-14T10:57:02+00:00\",\"description\":\"SIGURNOST PLA\u0106ANJA KREDITNIM KARTICAMA Tajnost Va\u0161ih podataka je za\u0161ti\u0107ena i osigurana kori\u0161tenjem posljednje verzije TLS enkripcije. Stranice za\",\"breadcrumb\":{\"@id\":\"https:\/\/hairbeauty-pro.com\/?page_id=1733#breadcrumb\"},\"inLanguage\":\"bs-BA\",\"potentialAction\":[{\"@type\":\"ReadAction\",\"target\":[\"https:\/\/hairbeauty-pro.com\/?page_id=1733\"]}]},{\"@type\":\"BreadcrumbList\",\"@id\":\"https:\/\/hairbeauty-pro.com\/?page_id=1733#breadcrumb\",\"itemListElement\":[{\"@type\":\"ListItem\",\"position\":1,\"name\":\"Home\",\"item\":\"https:\/\/hairbeauty-pro.com\/\"},{\"@type\":\"ListItem\",\"position\":2,\"name\":\"ZASTITA PODATAKA\"}]},{\"@type\":\"WebSite\",\"@id\":\"https:\/\/hairbeauty-pro.com\/#website\",\"url\":\"https:\/\/hairbeauty-pro.com\/\",\"name\":\"Flash\",\"description\":\"Va\u0161a ultimativna destinacja za njegu kose\",\"publisher\":{\"@id\":\"https:\/\/hairbeauty-pro.com\/#organization\"},\"potentialAction\":[{\"@type\":\"SearchAction\",\"target\":{\"@type\":\"EntryPoint\",\"urlTemplate\":\"https:\/\/hairbeauty-pro.com\/?s={search_term_string}\"},\"query-input\":\"required name=search_term_string\"}],\"inLanguage\":\"bs-BA\"},{\"@type\":\"Organization\",\"@id\":\"https:\/\/hairbeauty-pro.com\/#organization\",\"name\":\"Flash\",\"url\":\"https:\/\/hairbeauty-pro.com\/\",\"logo\":{\"@type\":\"ImageObject\",\"inLanguage\":\"bs-BA\",\"@id\":\"https:\/\/hairbeauty-pro.com\/#\/schema\/logo\/image\/\",\"url\":\"https:\/\/hairbeauty-pro.com\/wp-content\/uploads\/2023\/07\/cropped-FLASH-LOGO-png.png\",\"contentUrl\":\"https:\/\/hairbeauty-pro.com\/wp-content\/uploads\/2023\/07\/cropped-FLASH-LOGO-png.png\",\"width\":1316,\"height\":521,\"caption\":\"Flash\"},\"image\":{\"@id\":\"https:\/\/hairbeauty-pro.com\/#\/schema\/logo\/image\/\"}}]}<\/script>\n<!-- \/ Yoast SEO plugin. -->","yoast_head_json":{"title":"ZASTITA PODATAKA - Flash","description":"SIGURNOST PLA\u0106ANJA KREDITNIM KARTICAMA Tajnost Va\u0161ih podataka je za\u0161ti\u0107ena i osigurana kori\u0161tenjem posljednje verzije TLS enkripcije. Stranice za","robots":{"index":"index","follow":"follow","max-snippet":"max-snippet:-1","max-image-preview":"max-image-preview:large","max-video-preview":"max-video-preview:-1"},"canonical":"https:\/\/hairbeauty-pro.com\/?page_id=1733","og_locale":"bs_BA","og_type":"article","og_title":"ZASTITA PODATAKA - Flash","og_description":"SIGURNOST PLA\u0106ANJA KREDITNIM KARTICAMA Tajnost Va\u0161ih podataka je za\u0161ti\u0107ena i osigurana kori\u0161tenjem posljednje verzije TLS enkripcije. Stranice za","og_url":"https:\/\/hairbeauty-pro.com\/?page_id=1733","og_site_name":"Flash","article_modified_time":"2023-12-14T10:57:02+00:00","og_image":[{"url":"http:\/\/hairbeauty-pro.com\/wp-content\/uploads\/2023\/11\/Copy-of-Flash-Logotipi-placanje-1.png"}],"twitter_card":"summary_large_image","twitter_misc":{"Est. reading time":"5 minuta"},"schema":{"@context":"https:\/\/schema.org","@graph":[{"@type":"WebPage","@id":"https:\/\/hairbeauty-pro.com\/?page_id=1733","url":"https:\/\/hairbeauty-pro.com\/?page_id=1733","name":"ZASTITA PODATAKA - Flash","isPartOf":{"@id":"https:\/\/hairbeauty-pro.com\/#website"},"datePublished":"2023-07-01T18:06:26+00:00","dateModified":"2023-12-14T10:57:02+00:00","description":"SIGURNOST PLA\u0106ANJA KREDITNIM KARTICAMA Tajnost Va\u0161ih podataka je za\u0161ti\u0107ena i osigurana kori\u0161tenjem posljednje verzije TLS enkripcije. Stranice za","breadcrumb":{"@id":"https:\/\/hairbeauty-pro.com\/?page_id=1733#breadcrumb"},"inLanguage":"bs-BA","potentialAction":[{"@type":"ReadAction","target":["https:\/\/hairbeauty-pro.com\/?page_id=1733"]}]},{"@type":"BreadcrumbList","@id":"https:\/\/hairbeauty-pro.com\/?page_id=1733#breadcrumb","itemListElement":[{"@type":"ListItem","position":1,"name":"Home","item":"https:\/\/hairbeauty-pro.com\/"},{"@type":"ListItem","position":2,"name":"ZASTITA PODATAKA"}]},{"@type":"WebSite","@id":"https:\/\/hairbeauty-pro.com\/#website","url":"https:\/\/hairbeauty-pro.com\/","name":"Flash","description":"Va\u0161a ultimativna destinacja za njegu kose","publisher":{"@id":"https:\/\/hairbeauty-pro.com\/#organization"},"potentialAction":[{"@type":"SearchAction","target":{"@type":"EntryPoint","urlTemplate":"https:\/\/hairbeauty-pro.com\/?s={search_term_string}"},"query-input":"required name=search_term_string"}],"inLanguage":"bs-BA"},{"@type":"Organization","@id":"https:\/\/hairbeauty-pro.com\/#organization","name":"Flash","url":"https:\/\/hairbeauty-pro.com\/","logo":{"@type":"ImageObject","inLanguage":"bs-BA","@id":"https:\/\/hairbeauty-pro.com\/#\/schema\/logo\/image\/","url":"https:\/\/hairbeauty-pro.com\/wp-content\/uploads\/2023\/07\/cropped-FLASH-LOGO-png.png","contentUrl":"https:\/\/hairbeauty-pro.com\/wp-content\/uploads\/2023\/07\/cropped-FLASH-LOGO-png.png","width":1316,"height":521,"caption":"Flash"},"image":{"@id":"https:\/\/hairbeauty-pro.com\/#\/schema\/logo\/image\/"}}]}},"_links":{"self":[{"href":"https:\/\/hairbeauty-pro.com\/index.php?rest_route=\/wp\/v2\/pages\/1733"}],"collection":[{"href":"https:\/\/hairbeauty-pro.com\/index.php?rest_route=\/wp\/v2\/pages"}],"about":[{"href":"https:\/\/hairbeauty-pro.com\/index.php?rest_route=\/wp\/v2\/types\/page"}],"author":[{"embeddable":true,"href":"https:\/\/hairbeauty-pro.com\/index.php?rest_route=\/wp\/v2\/users\/1"}],"replies":[{"embeddable":true,"href":"https:\/\/hairbeauty-pro.com\/index.php?rest_route=%2Fwp%2Fv2%2Fcomments&post=1733"}],"version-history":[{"count":107,"href":"https:\/\/hairbeauty-pro.com\/index.php?rest_route=\/wp\/v2\/pages\/1733\/revisions"}],"predecessor-version":[{"id":6514,"href":"https:\/\/hairbeauty-pro.com\/index.php?rest_route=\/wp\/v2\/pages\/1733\/revisions\/6514"}],"wp:attachment":[{"href":"https:\/\/hairbeauty-pro.com\/index.php?rest_route=%2Fwp%2Fv2%2Fmedia&parent=1733"}],"curies":[{"name":"wp","href":"https:\/\/api.w.org\/{rel}","templated":true}]}}